{"id":1071,"date":"2020-12-30T09:09:20","date_gmt":"2020-12-30T08:09:20","guid":{"rendered":"https:\/\/plauserspeckladele.it\/?post_type=product&#038;p=1071"},"modified":"2023-03-02T16:04:45","modified_gmt":"2023-03-02T15:04:45","slug":"fruchtaufstrich-erdbeere","status":"publish","type":"product","link":"https:\/\/plauserspeckladele.it\/?product=fruchtaufstrich-erdbeere","title":{"rendered":"Fruchtaufstrich Erdbeere 335 g"},"content":{"rendered":"<p>Fruchtaufstrich Erdbeere &#8211; Aus sonnengereiften, aromatischen Erdbeeren. Die von Alpe Pragas angebaute und verwendete Sorte Senga Sengana ist mittelfr\u00fch reifend mit mittelgro\u00dfen, dunkelroten Fr\u00fcchten und wurde um 1950 von Reinhold von Sengbusch gez\u00fcchtet. Erdbeeren enthalten so viel Vitamin C, dass 150 g davon den Tagesbedarf decken. Sie enthalten mehr Vitamin C als Orangen oder Zitronen. Au\u00dferdem haben sie von allen Obstsorten den h\u00f6chsten Gehalt an Mangan. Dar\u00fcber hinaus sind sie reich an Fols\u00e4ure, Kalzium, Magnesium und Eisen.<br \/>\nZutaten &#8211; Erdbeeren (75%), Zucker, Zitronensaft, Geliermittel: Pektine (aus Apfel)<br \/>\nEigenschaften: Vegan, Glutenfrei<br \/>\nInhalt: 335 g<br \/>\nKategorie: Fruchtaufstriche<br \/>\nMood : Fr\u00fchst\u00fcck<br \/>\nSorte: Erdbeere<\/p>\n<p>Durchschnittliche N\u00e4hrwerte pro 100g:<br \/>\nEnergie:579 kJ \/ 137 kcal<br \/>\nFett: 0,3 g<br \/>\ndavon ges\u00e4ttigte Fetts\u00e4uren: < 0,1 g\nKohlenhydrate: 32 g\ndavon Zucker: 31 g\nEiwei\u00df: 0,6 g\nSalz: 0 g\n\nUnge\u00f6ffnet k\u00fchl und trocken lagern.\nEinmal ge\u00f6ffnet im K\u00fchlschrank bei 4 \u00b0C aufbewahren und innerhalb von 2 Wochen genie\u00dfen.\nMindesthaltbarkei: 24 Monate ab Produktionstag.\n<\/p>\n","protected":false},"excerpt":{"rendered":"<p>Fruchtaufstrich Erdbeere &#8211; Aus sonnengereiften, aromatischen Erdbeeren. Die von Alpe Pragas angebaute und verwendete Sorte Senga Sengana ist mittelfr\u00fch reifend mit mittelgro\u00dfen, dunkelroten Fr\u00fcchten und wurde um 1950 von Reinhold&#8230;<\/p>\n","protected":false},"featured_media":1056,"comment_status":"closed","ping_status":"closed","template":"","meta":[],"product_brand":[],"product_cat":[37],"product_tag":[],"class_list":{"0":"post-1071","1":"product","2":"type-product","3":"status-publish","4":"has-post-thumbnail","6":"product_cat-aufstriche","8":"first","9":"instock","10":"taxable","11":"shipping-taxable","12":"purchasable","13":"product-type-simple"},"_links":{"self":[{"href":"https:\/\/plauserspeckladele.it\/index.php?rest_route=\/wp\/v2\/product\/1071","targetHints":{"allow":["GET"]}}],"collection":[{"href":"https:\/\/plauserspeckladele.it\/index.php?rest_route=\/wp\/v2\/product"}],"about":[{"href":"https:\/\/plauserspeckladele.it\/index.php?rest_route=\/wp\/v2\/types\/product"}],"replies":[{"embeddable":true,"href":"https:\/\/plauserspeckladele.it\/index.php?rest_route=%2Fwp%2Fv2%2Fcomments&post=1071"}],"wp:featuredmedia":[{"embeddable":true,"href":"https:\/\/plauserspeckladele.it\/index.php?rest_route=\/wp\/v2\/media\/1056"}],"wp:attachment":[{"href":"https:\/\/plauserspeckladele.it\/index.php?rest_route=%2Fwp%2Fv2%2Fmedia&parent=1071"}],"wp:term":[{"taxonomy":"product_brand","embeddable":true,"href":"https:\/\/plauserspeckladele.it\/index.php?rest_route=%2Fwp%2Fv2%2Fproduct_brand&post=1071"},{"taxonomy":"product_cat","embeddable":true,"href":"https:\/\/plauserspeckladele.it\/index.php?rest_route=%2Fwp%2Fv2%2Fproduct_cat&post=1071"},{"taxonomy":"product_tag","embeddable":true,"href":"https:\/\/plauserspeckladele.it\/index.php?rest_route=%2Fwp%2Fv2%2Fproduct_tag&post=1071"}],"curies":[{"name":"wp","href":"https:\/\/api.w.org\/{rel}","templated":true}]}}