{"id":1084,"date":"2020-12-30T09:59:17","date_gmt":"2020-12-30T08:59:17","guid":{"rendered":"https:\/\/plauserspeckladele.it\/?post_type=product&#038;p=1084"},"modified":"2023-03-02T16:04:25","modified_gmt":"2023-03-02T15:04:25","slug":"fruchtaufstrich-himbeere-335-g","status":"publish","type":"product","link":"https:\/\/plauserspeckladele.it\/?product=fruchtaufstrich-himbeere-335-g","title":{"rendered":"Fruchtaufstrich Himbeere 335 g"},"content":{"rendered":"<p>Raspera &#8211; der Fruchtaufstrich bestehend aus frisch dunkelroten Himbeeren. Die von ALPE PRAGAS verwendete Sorte &#8222;Willamette&#8220; geh\u00f6rt zu den Sommerhimbeeren und zeichnet sich durch ein besonders intensives Aroma aus. Die Fr\u00fcchte haben einen Gehalt an Vitman C von 25 mg \/ 100 g. Sie enthalten auch Vitamin A, Biotin und Flavonoid Rutin. Die Himbeere &#8211; Rubus idaeus &#8211; ist eine Pflanze, die in der gesamten n\u00f6rdlichen Hemisph\u00e4re vorkommt und entlang der Waldr\u00e4nder zu finden ist. Es wird zwischen Sommer- und Herbsthimbeeren unterschieden.<br \/>\nZutaten &#8211; Himbeeren (75%), Zucker, Zitronensaft, Geliermittel: Pektine (aus Apfel)<br \/>\nEigenschaften: Vegan, Glutenfrei<br \/>\nInhalt: 335 g<br \/>\nKategorie: Fruchtaufstriche<br \/>\nMood : Fr\u00fchst\u00fcck<br \/>\nSorte: Himbeere<\/p>\n<p>Durchschnittliche N\u00e4hrwerte pro 100g:<br \/>\nEnergie:617 kJ \/ 146 kcal<br \/>\nFett: 0,2 g<br \/>\ndavon ges\u00e4ttigte Fetts\u00e4uren: < 0,1 g\nKohlenhydrate: 33 g\ndavon Zucker: 32 g\nEiwei\u00df: 0,9 g\nSalz: 0 g\n\nUnge\u00f6ffnet k\u00fchl und trocken lagern.\nEinmal ge\u00f6ffnet im K\u00fchlschrank bei 4 \u00b0C aufbewahren und innerhalb von 2 Wochen genie\u00dfen.\nMindesthaltbarkei: 24 Monate ab Produktionstag\n<\/p>\n","protected":false},"excerpt":{"rendered":"<p>Raspera &#8211; der Fruchtaufstrich bestehend aus frisch dunkelroten Himbeeren. Die von ALPE PRAGAS verwendete Sorte &#8222;Willamette&#8220; geh\u00f6rt zu den Sommerhimbeeren und zeichnet sich durch ein besonders intensives Aroma aus. Die&#8230;<\/p>\n","protected":false},"featured_media":1058,"comment_status":"closed","ping_status":"closed","template":"","meta":[],"product_brand":[],"product_cat":[37],"product_tag":[],"class_list":{"0":"post-1084","1":"product","2":"type-product","3":"status-publish","4":"has-post-thumbnail","6":"product_cat-aufstriche","8":"first","9":"instock","10":"taxable","11":"shipping-taxable","12":"purchasable","13":"product-type-simple"},"_links":{"self":[{"href":"https:\/\/plauserspeckladele.it\/index.php?rest_route=\/wp\/v2\/product\/1084","targetHints":{"allow":["GET"]}}],"collection":[{"href":"https:\/\/plauserspeckladele.it\/index.php?rest_route=\/wp\/v2\/product"}],"about":[{"href":"https:\/\/plauserspeckladele.it\/index.php?rest_route=\/wp\/v2\/types\/product"}],"replies":[{"embeddable":true,"href":"https:\/\/plauserspeckladele.it\/index.php?rest_route=%2Fwp%2Fv2%2Fcomments&post=1084"}],"wp:featuredmedia":[{"embeddable":true,"href":"https:\/\/plauserspeckladele.it\/index.php?rest_route=\/wp\/v2\/media\/1058"}],"wp:attachment":[{"href":"https:\/\/plauserspeckladele.it\/index.php?rest_route=%2Fwp%2Fv2%2Fmedia&parent=1084"}],"wp:term":[{"taxonomy":"product_brand","embeddable":true,"href":"https:\/\/plauserspeckladele.it\/index.php?rest_route=%2Fwp%2Fv2%2Fproduct_brand&post=1084"},{"taxonomy":"product_cat","embeddable":true,"href":"https:\/\/plauserspeckladele.it\/index.php?rest_route=%2Fwp%2Fv2%2Fproduct_cat&post=1084"},{"taxonomy":"product_tag","embeddable":true,"href":"https:\/\/plauserspeckladele.it\/index.php?rest_route=%2Fwp%2Fv2%2Fproduct_tag&post=1084"}],"curies":[{"name":"wp","href":"https:\/\/api.w.org\/{rel}","templated":true}]}}