{"id":1090,"date":"2020-12-30T10:55:22","date_gmt":"2020-12-30T09:55:22","guid":{"rendered":"https:\/\/plauserspeckladele.it\/?post_type=product&#038;p=1090"},"modified":"2023-03-02T15:56:39","modified_gmt":"2023-03-02T14:56:39","slug":"fruchtaufstrich-preiselbeere-335-g","status":"publish","type":"product","link":"https:\/\/plauserspeckladele.it\/?product=fruchtaufstrich-preiselbeere-335-g","title":{"rendered":"Fruchtaufstrich Preiselbeere 335 g"},"content":{"rendered":"<p>Fruchtaufstrich Preiselbeere &#8211; Aus leicht s\u00e4uerlichen, geschmacklich intensiven Wildpreiselbeeren. Die Preiselbeere (Vaccinium vitis idaea), ist eine Pflanze aus der Gattung der Heidelbeeren. Da die Preiselbeere unempfindlich gegen Frost ist (bis zu -22 \u00b0C werden vertragen), kommt sie weltweit in der n\u00f6rdlichen Hemisph\u00e4re vor &#8211; von der n\u00f6rdlich gem\u00e4\u00dfigten Zone bis in den arktischen Bereich. Die wegen ihres herbsauren Geschmacks nur selten rohgegessenen Fr\u00fcchte sind \u00e4u\u00dferst gesund. Neben Vitamin C finden sich auch die Vitamine B1, B2, B3 und Beta-Karotin (Vitamin A), an Mineralstoffen vor allem Kalium, Kalzium, Magnesium und Phosphat. Die von uns verwendete Preiselbeere stammt aus der Wildsammlung und wird vorallem im alpinen und skandinavischen Raum wegen ihres herben und intensiven Geschmacks gesch\u00e4tzt.<br \/>\nZutaten &#8211; Preiselbeeren* (75%), Zucker, Zitronensaft, Geliermittel: Pektine (aus Apfel) &#8211; (*aus Wildsammlung)<br \/>\nEigenschaften: Vegan, Glutenfrei<br \/>\nInhalt: 335 g<br \/>\nKategorie: Fruchtaufstriche<br \/>\nMood : Fr\u00fchst\u00fcck, Nachtisch<br \/>\nSorte: Preiselbeere<\/p>\n<p>Durchschnittliche N\u00e4hrwerte pro 100g:<br \/>\nEnergie:600 kJ \/ 141 kcal<br \/>\nFett: 0,4 g<br \/>\ndavon ges\u00e4ttigte Fetts\u00e4uren: < 0,1 g\nKohlenhydrate: 33 g\ndavon Zucker: 32 g\nEiwei\u00df: 0,2 g\nSalz: 0 g\n\nUnge\u00f6ffnet k\u00fchl und trocken lagern.\nEinmal ge\u00f6ffnet im K\u00fchlschrank bei 4 \u00b0C aufbewahren und innerhalb von 2 Wochen genie\u00dfen.\nMindesthaltbarkeit: 24 Monate ab Produktionstag.\n<\/p>\n","protected":false},"excerpt":{"rendered":"<p>Fruchtaufstrich Preiselbeere &#8211; Aus leicht s\u00e4uerlichen, geschmacklich intensiven Wildpreiselbeeren. Die Preiselbeere (Vaccinium vitis idaea), ist eine Pflanze aus der Gattung der Heidelbeeren. Da die Preiselbeere unempfindlich gegen Frost ist (bis&#8230;<\/p>\n","protected":false},"featured_media":1060,"comment_status":"closed","ping_status":"closed","template":"","meta":[],"product_brand":[],"product_cat":[37],"product_tag":[],"class_list":{"0":"post-1090","1":"product","2":"type-product","3":"status-publish","4":"has-post-thumbnail","6":"product_cat-aufstriche","8":"first","9":"instock","10":"taxable","11":"shipping-taxable","12":"purchasable","13":"product-type-simple"},"_links":{"self":[{"href":"https:\/\/plauserspeckladele.it\/index.php?rest_route=\/wp\/v2\/product\/1090","targetHints":{"allow":["GET"]}}],"collection":[{"href":"https:\/\/plauserspeckladele.it\/index.php?rest_route=\/wp\/v2\/product"}],"about":[{"href":"https:\/\/plauserspeckladele.it\/index.php?rest_route=\/wp\/v2\/types\/product"}],"replies":[{"embeddable":true,"href":"https:\/\/plauserspeckladele.it\/index.php?rest_route=%2Fwp%2Fv2%2Fcomments&post=1090"}],"wp:featuredmedia":[{"embeddable":true,"href":"https:\/\/plauserspeckladele.it\/index.php?rest_route=\/wp\/v2\/media\/1060"}],"wp:attachment":[{"href":"https:\/\/plauserspeckladele.it\/index.php?rest_route=%2Fwp%2Fv2%2Fmedia&parent=1090"}],"wp:term":[{"taxonomy":"product_brand","embeddable":true,"href":"https:\/\/plauserspeckladele.it\/index.php?rest_route=%2Fwp%2Fv2%2Fproduct_brand&post=1090"},{"taxonomy":"product_cat","embeddable":true,"href":"https:\/\/plauserspeckladele.it\/index.php?rest_route=%2Fwp%2Fv2%2Fproduct_cat&post=1090"},{"taxonomy":"product_tag","embeddable":true,"href":"https:\/\/plauserspeckladele.it\/index.php?rest_route=%2Fwp%2Fv2%2Fproduct_tag&post=1090"}],"curies":[{"name":"wp","href":"https:\/\/api.w.org\/{rel}","templated":true}]}}