{"id":1091,"date":"2020-12-30T10:55:22","date_gmt":"2020-12-30T09:55:22","guid":{"rendered":"https:\/\/plauserspeckladele.it\/produkt\/vitis-composta-di-frutta-mirtillo-rosso-335g\/"},"modified":"2021-04-17T19:54:10","modified_gmt":"2021-04-17T17:54:10","slug":"vitis-composta-di-frutta-mirtillo-rosso-335g","status":"publish","type":"product","link":"https:\/\/plauserspeckladele.it\/?product=vitis-composta-di-frutta-mirtillo-rosso-335g&lang=it","title":{"rendered":"Vitis composta di frutta Mirtillo rosso 335g"},"content":{"rendered":"<p>Composta di frutta mirtillo rosso &#8211; Prodotto con mirtilli rossi selvatici leggermente acidi e dal gusto intenso. Il mirtillo rosso (Vaccinium vitis idaea) \u00e8 una pianta del genere mirtillo. Poich\u00e9 il mirtillo rosso \u00e8 insensibile al gelo (tollerato fino a -22 \u00b0C), \u00e8 presente in tutto il mondo nell&#8217;emisfero settentrionale &#8211; dalla zona temperata settentrionale all&#8217;Artico. I frutti, che raramente vengono consumati crudi a causa del loro sapore acido, sono estremamente sani. Oltre alla vitamina C, si trovano anche le vitamine B1, B2, B3 e betacarotene (vitamina A), oltre a minerali come potassio, calcio, magnesio e fosfato. Il mirtillo rosso utilizzato da Alpe Pragas \u00e8 selvatico ed \u00e8 particolarmente apprezzato nelle regioni alpine e scandinave per il suo sapore aspro e intenso.<br \/>\nIngredienti &#8211; mirtilli rossi* (75%), zucchero, succo di limone, gelificante: pectine (da mela) &#8211; (*da raccolta selvatica)<br \/>\nCaratteristiche: Vegano, Senza glutine<br \/>\nConfezione: 335 g<br \/>\nCategoria: Composte di frutta<br \/>\nMood : Colazione, Dolce<br \/>\nVariet\u00e0: Mirtillo rosso<\/p>\n<p>Dichiarazione nutrizionale media per 100g:<br \/>\nEnergia:600 kJ \/ 141 kcal<br \/>\nGrassi: 0,4 g<br \/>\ndi cui acidi grassi saturi: &lt; 0,1 g<br \/>\nCarboidrati: 33 g<br \/>\ndi cui zuccheri: 32 g<br \/>\nProteine: 0,2 g<br \/>\nSale: 0 g<\/p>\n<p>Conservare chiuso in un luogo fresco e asciutto.<br \/>\nDa conservare in frigorifero dopo l&#8217;apertura e gustare entro 2 settimane.<br \/>\nDurata minima di conservazione: 24 mesi dalla data di produzione.<\/p>\n","protected":false},"excerpt":{"rendered":"<p>Composta di frutta mirtillo rosso &#8211; Prodotto con mirtilli rossi selvatici leggermente acidi e dal gusto intenso. Il mirtillo rosso (Vaccinium vitis idaea) \u00e8 una pianta del genere mirtillo. Poich\u00e9&#8230;<\/p>\n","protected":false},"featured_media":1061,"comment_status":"closed","ping_status":"closed","template":"","meta":[],"product_brand":[],"product_cat":[55],"product_tag":[],"class_list":{"0":"post-1091","1":"product","2":"type-product","3":"status-publish","4":"has-post-thumbnail","6":"product_cat-aufstriche-sugo","8":"first","9":"instock","10":"taxable","11":"shipping-taxable","12":"purchasable","13":"product-type-simple"},"_links":{"self":[{"href":"https:\/\/plauserspeckladele.it\/index.php?rest_route=\/wp\/v2\/product\/1091","targetHints":{"allow":["GET"]}}],"collection":[{"href":"https:\/\/plauserspeckladele.it\/index.php?rest_route=\/wp\/v2\/product"}],"about":[{"href":"https:\/\/plauserspeckladele.it\/index.php?rest_route=\/wp\/v2\/types\/product"}],"replies":[{"embeddable":true,"href":"https:\/\/plauserspeckladele.it\/index.php?rest_route=%2Fwp%2Fv2%2Fcomments&post=1091"}],"wp:featuredmedia":[{"embeddable":true,"href":"https:\/\/plauserspeckladele.it\/index.php?rest_route=\/wp\/v2\/media\/1061"}],"wp:attachment":[{"href":"https:\/\/plauserspeckladele.it\/index.php?rest_route=%2Fwp%2Fv2%2Fmedia&parent=1091"}],"wp:term":[{"taxonomy":"product_brand","embeddable":true,"href":"https:\/\/plauserspeckladele.it\/index.php?rest_route=%2Fwp%2Fv2%2Fproduct_brand&post=1091"},{"taxonomy":"product_cat","embeddable":true,"href":"https:\/\/plauserspeckladele.it\/index.php?rest_route=%2Fwp%2Fv2%2Fproduct_cat&post=1091"},{"taxonomy":"product_tag","embeddable":true,"href":"https:\/\/plauserspeckladele.it\/index.php?rest_route=%2Fwp%2Fv2%2Fproduct_tag&post=1091"}],"curies":[{"name":"wp","href":"https:\/\/api.w.org\/{rel}","templated":true}]}}