{"id":1238,"date":"2020-12-08T16:36:13","date_gmt":"2021-01-15T12:21:34","guid":{"rendered":"https:\/\/plauserspeckladele.it\/produkt\/salame-di-carne-bovino\/"},"modified":"2021-01-15T13:21:35","modified_gmt":"2021-01-15T12:21:35","slug":"salame-di-carne-bovino","status":"publish","type":"product","link":"https:\/\/plauserspeckladele.it\/?product=salame-di-carne-bovino&lang=it","title":{"rendered":"Salame di carne bovino"},"content":{"rendered":"","protected":false},"excerpt":{"rendered":"<p>Il salame di bovino \u00e8 composto al 100% da carne locale. \u00c8 magro, fortemente aromatizzato e ha una leggera nota pepata. \u00c8 lo spuntino ideale per tutti coloro che seguono una dieta attenta alle calorie.<\/p>\n<p>Ingredienti: carne di bovino; sale di salmistratura; destrosio; spezie; Antiossidante: ascorbato di sodio; aroma naturale; Maltodestrine, colture starter; conservanti: nitrito di sodio, nitrato di potassio.<\/p>\n<p>\u2713 Senza glutammato<\/p>\n<p>\u2713 Senza lattosio<\/p>\n<p>\u2713 Senza allergeni<\/p>\n<p>\u2713 Senza glutine<\/p>\n","protected":false},"featured_media":685,"comment_status":"closed","ping_status":"closed","template":"","meta":[],"product_brand":[],"product_cat":[52],"product_tag":[],"class_list":{"0":"post-1238","1":"product","2":"type-product","3":"status-publish","4":"has-post-thumbnail","6":"product_cat-salumi","8":"first","9":"instock","10":"taxable","11":"shipping-taxable","12":"purchasable","13":"product-type-simple"},"_links":{"self":[{"href":"https:\/\/plauserspeckladele.it\/index.php?rest_route=\/wp\/v2\/product\/1238","targetHints":{"allow":["GET"]}}],"collection":[{"href":"https:\/\/plauserspeckladele.it\/index.php?rest_route=\/wp\/v2\/product"}],"about":[{"href":"https:\/\/plauserspeckladele.it\/index.php?rest_route=\/wp\/v2\/types\/product"}],"replies":[{"embeddable":true,"href":"https:\/\/plauserspeckladele.it\/index.php?rest_route=%2Fwp%2Fv2%2Fcomments&post=1238"}],"wp:featuredmedia":[{"embeddable":true,"href":"https:\/\/plauserspeckladele.it\/index.php?rest_route=\/wp\/v2\/media\/685"}],"wp:attachment":[{"href":"https:\/\/plauserspeckladele.it\/index.php?rest_route=%2Fwp%2Fv2%2Fmedia&parent=1238"}],"wp:term":[{"taxonomy":"product_brand","embeddable":true,"href":"https:\/\/plauserspeckladele.it\/index.php?rest_route=%2Fwp%2Fv2%2Fproduct_brand&post=1238"},{"taxonomy":"product_cat","embeddable":true,"href":"https:\/\/plauserspeckladele.it\/index.php?rest_route=%2Fwp%2Fv2%2Fproduct_cat&post=1238"},{"taxonomy":"product_tag","embeddable":true,"href":"https:\/\/plauserspeckladele.it\/index.php?rest_route=%2Fwp%2Fv2%2Fproduct_tag&post=1238"}],"curies":[{"name":"wp","href":"https:\/\/api.w.org\/{rel}","templated":true}]}}