{"id":1298,"date":"2021-01-17T12:10:09","date_gmt":"2021-01-17T11:10:09","guid":{"rendered":"https:\/\/plauserspeckladele.it\/?post_type=product&#038;p=1298"},"modified":"2023-03-22T16:19:01","modified_gmt":"2023-03-22T15:19:01","slug":"kalk-chardonnay-kellerei-nals-margreid","status":"publish","type":"product","link":"https:\/\/plauserspeckladele.it\/?product=kalk-chardonnay-kellerei-nals-margreid","title":{"rendered":"KALK Chardonnay Kellerei Nals Margreid"},"content":{"rendered":"<p>Eine angenehme F\u00fclle und S\u00e4urestruktur, sowie harmonisch-frische Eleganz formen den Geschmack unseres KALK Chardonnays. Beg\u00fcnstigt vom warmen Klima des Anbaugebiets Margreid, trumpft er mit kr\u00e4ftigem Gelb und typischen exotischen Noten auf, die diesen Wein zum idealen Begleiter von Fischgerichten und raffinierten Speisen der bodenst\u00e4ndigen und internationalen K\u00fcche, aber auch alleine getrunken zu einem Hochgenuss machen.<\/p>\n<p>Dass der historische Weinbauort Margreid ideale Bedingungen f\u00fcr eine Vielzahl an Rebsorten bietet, liegt nicht nur an seinem sehr warmen Klima. In den sandigen Kalkschotterb\u00f6den mit ihrem hohen Humusgehalt entfalten zahlreiche Weine ihre besten Merkmale, vor allem Chardonnay und Merlot.<\/p>\n","protected":false},"excerpt":{"rendered":"<p>Eine angenehme F\u00fclle und S\u00e4urestruktur, sowie harmonisch-frische Eleganz formen den Geschmack unseres KALK Chardonnays. Beg\u00fcnstigt vom warmen Klima des Anbaugebiets Margreid, trumpft er mit kr\u00e4ftigem Gelb und typischen exotischen Noten&#8230;<\/p>\n","protected":false},"featured_media":2010,"comment_status":"closed","ping_status":"closed","template":"","meta":[],"product_brand":[],"product_cat":[43],"product_tag":[],"class_list":{"0":"post-1298","1":"product","2":"type-product","3":"status-publish","4":"has-post-thumbnail","6":"product_cat-suedtiroler-weine","8":"first","9":"instock","10":"taxable","11":"shipping-taxable","12":"purchasable","13":"product-type-simple"},"_links":{"self":[{"href":"https:\/\/plauserspeckladele.it\/index.php?rest_route=\/wp\/v2\/product\/1298","targetHints":{"allow":["GET"]}}],"collection":[{"href":"https:\/\/plauserspeckladele.it\/index.php?rest_route=\/wp\/v2\/product"}],"about":[{"href":"https:\/\/plauserspeckladele.it\/index.php?rest_route=\/wp\/v2\/types\/product"}],"replies":[{"embeddable":true,"href":"https:\/\/plauserspeckladele.it\/index.php?rest_route=%2Fwp%2Fv2%2Fcomments&post=1298"}],"wp:featuredmedia":[{"embeddable":true,"href":"https:\/\/plauserspeckladele.it\/index.php?rest_route=\/wp\/v2\/media\/2010"}],"wp:attachment":[{"href":"https:\/\/plauserspeckladele.it\/index.php?rest_route=%2Fwp%2Fv2%2Fmedia&parent=1298"}],"wp:term":[{"taxonomy":"product_brand","embeddable":true,"href":"https:\/\/plauserspeckladele.it\/index.php?rest_route=%2Fwp%2Fv2%2Fproduct_brand&post=1298"},{"taxonomy":"product_cat","embeddable":true,"href":"https:\/\/plauserspeckladele.it\/index.php?rest_route=%2Fwp%2Fv2%2Fproduct_cat&post=1298"},{"taxonomy":"product_tag","embeddable":true,"href":"https:\/\/plauserspeckladele.it\/index.php?rest_route=%2Fwp%2Fv2%2Fproduct_tag&post=1298"}],"curies":[{"name":"wp","href":"https:\/\/api.w.org\/{rel}","templated":true}]}}

<p>Eine angenehme Fülle und Säurestruktur, sowie harmonisch-frische Eleganz formen den Geschmack unseres KALK Chardonnays. Begünstigt vom warmen Klima des Anbaugebiets Margreid, trumpft er mit kräftigem Gelb und typischen exotischen Noten auf, die diesen Wein zum idealen Begleiter von Fischgerichten und raffinierten Speisen der bodenständigen und internationalen Küche, aber auch alleine getrunken zu einem Hochgenuss machen.</p>
<p>Dass der historische Weinbauort Margreid ideale Bedingungen für eine Vielzahl an Rebsorten bietet, liegt nicht nur an seinem sehr warmen Klima. In den sandigen Kalkschotterböden mit ihrem hohen Humusgehalt entfalten zahlreiche Weine ihre besten Merkmale, vor allem Chardonnay und Merlot.</p>

<p>Eine angenehme Fülle und Säurestruktur, sowie harmonisch-frische Eleganz formen den Geschmack unseres KALK Chardonnays. Begünstigt vom warmen Klima des Anbaugebiets Margreid, trumpft er mit kräftigem Gelb und typischen exotischen Noten&#8230;</p>
