{"id":1306,"date":"2021-01-17T13:29:40","date_gmt":"2021-01-17T12:29:40","guid":{"rendered":"https:\/\/plauserspeckladele.it\/?post_type=product&#038;p=1306"},"modified":"2023-03-22T16:16:51","modified_gmt":"2023-03-22T15:16:51","slug":"rieser-st-magdalener-kellerein-nals-margreid","status":"publish","type":"product","link":"https:\/\/plauserspeckladele.it\/?product=rieser-st-magdalener-kellerein-nals-margreid","title":{"rendered":"RIESER St. Magdalener Kellerein Nals Margreid"},"content":{"rendered":"<p>Aus dem bekanntesten Vernatsch-Gebiet im Bozner Talkessel bringt unser St. Magdalener Aromen von Kirschen, roten Beeren und leicht ger\u00f6steten Mandeln mit. Ein kr\u00e4ftiges, fruchtiges Bukett, elegante Struktur, Frische und feink\u00f6rnige Gerbstoffe kennzeichnen den Lokalmatador. S\u00fcdtiroler Spezialit\u00e4ten, Wildgerichte, Kaninchen und Schmorbraten begleitet er mit Bravour.<\/p>\n<p>Die \u00e4lteste einheimische Rotweinsorte S\u00fcdtirols, der Vernatsch, findet im traditionsreichen St. Magdalena bei Bozen ihren idealen Standort. Die steilen, mit Porphyrschotter durchsetzten Hanglagen bringen unsere verschiedenen Vernatsch-Weine hervor.<\/p>\n","protected":false},"excerpt":{"rendered":"<p>Aus dem bekanntesten Vernatsch-Gebiet im Bozner Talkessel bringt unser St. Magdalener Aromen von Kirschen, roten Beeren und leicht ger\u00f6steten Mandeln mit. Ein kr\u00e4ftiges, fruchtiges Bukett, elegante Struktur, Frische und feink\u00f6rnige&#8230;<\/p>\n","protected":false},"featured_media":2023,"comment_status":"closed","ping_status":"closed","template":"","meta":[],"product_brand":[],"product_cat":[43],"product_tag":[],"class_list":{"0":"post-1306","1":"product","2":"type-product","3":"status-publish","4":"has-post-thumbnail","6":"product_cat-suedtiroler-weine","8":"first","9":"instock","10":"taxable","11":"shipping-taxable","12":"purchasable","13":"product-type-simple"},"_links":{"self":[{"href":"https:\/\/plauserspeckladele.it\/index.php?rest_route=\/wp\/v2\/product\/1306","targetHints":{"allow":["GET"]}}],"collection":[{"href":"https:\/\/plauserspeckladele.it\/index.php?rest_route=\/wp\/v2\/product"}],"about":[{"href":"https:\/\/plauserspeckladele.it\/index.php?rest_route=\/wp\/v2\/types\/product"}],"replies":[{"embeddable":true,"href":"https:\/\/plauserspeckladele.it\/index.php?rest_route=%2Fwp%2Fv2%2Fcomments&post=1306"}],"wp:featuredmedia":[{"embeddable":true,"href":"https:\/\/plauserspeckladele.it\/index.php?rest_route=\/wp\/v2\/media\/2023"}],"wp:attachment":[{"href":"https:\/\/plauserspeckladele.it\/index.php?rest_route=%2Fwp%2Fv2%2Fmedia&parent=1306"}],"wp:term":[{"taxonomy":"product_brand","embeddable":true,"href":"https:\/\/plauserspeckladele.it\/index.php?rest_route=%2Fwp%2Fv2%2Fproduct_brand&post=1306"},{"taxonomy":"product_cat","embeddable":true,"href":"https:\/\/plauserspeckladele.it\/index.php?rest_route=%2Fwp%2Fv2%2Fproduct_cat&post=1306"},{"taxonomy":"product_tag","embeddable":true,"href":"https:\/\/plauserspeckladele.it\/index.php?rest_route=%2Fwp%2Fv2%2Fproduct_tag&post=1306"}],"curies":[{"name":"wp","href":"https:\/\/api.w.org\/{rel}","templated":true}]}}