{"id":1665,"date":"2021-02-04T15:02:50","date_gmt":"2021-02-04T14:02:50","guid":{"rendered":"https:\/\/plauserspeckladele.it\/?post_type=product&#038;p=1665"},"modified":"2024-12-12T11:06:50","modified_gmt":"2024-12-12T10:06:50","slug":"koenigsspitze-milchschokolade-mit-apfelstrudelmix-walde","status":"publish","type":"product","link":"https:\/\/plauserspeckladele.it\/?product=koenigsspitze-milchschokolade-mit-apfelstrudelmix-walde","title":{"rendered":"K\u00d6NIGSSPITZE Milchschokolade mit Apfelstrudelmix &#8211; Walde"},"content":{"rendered":"<p>Zutaten:<\/p>\n<p>Zucker, Kakaobutter, <strong>Vollmilchpulver<\/strong>, Kakaobohnen, Apfelstrudel-Mix 10% (getrocknete Apfelst\u00fccke, Rosinen, <strong>Pinienkerne<\/strong>, <strong>Haseln\u00fcsse<\/strong>, Zimt) Emulgator: <strong>Sojalecithin<\/strong>, Naturvanilleextrakt. Kann Spuren von <strong>Schalenfr\u00fcchten<\/strong> und <strong>Eiproteine<\/strong> enthalten. Kakao: 35% mindestens im Schokoladenanteil.<\/p>\n","protected":false},"excerpt":{"rendered":"<p>Die K\u00f6nigspitze ist einer der h\u00f6chsten Gipfel der Ortleralpen in Italien. Der f\u00fcr seine auffallende Form bekannte, stark vergletscherte Dolomitberg liegt an der Grenze zwischen S\u00fcdtirol und der Lombardei. W\u00e4hrend des Ersten Weltkriegs war die K\u00f6nigspitze von hoher strategischer Bedeutung und bis in die Gipfelregion stark umk\u00e4mpft.<\/p>\n","protected":false},"featured_media":1666,"comment_status":"closed","ping_status":"closed","template":"","meta":[],"product_brand":[],"product_cat":[58],"product_tag":[],"class_list":{"0":"post-1665","1":"product","2":"type-product","3":"status-publish","4":"has-post-thumbnail","6":"product_cat-suedtiroler-schokolade","8":"first","9":"outofstock","10":"taxable","11":"shipping-taxable","12":"purchasable","13":"product-type-simple"},"_links":{"self":[{"href":"https:\/\/plauserspeckladele.it\/index.php?rest_route=\/wp\/v2\/product\/1665","targetHints":{"allow":["GET"]}}],"collection":[{"href":"https:\/\/plauserspeckladele.it\/index.php?rest_route=\/wp\/v2\/product"}],"about":[{"href":"https:\/\/plauserspeckladele.it\/index.php?rest_route=\/wp\/v2\/types\/product"}],"replies":[{"embeddable":true,"href":"https:\/\/plauserspeckladele.it\/index.php?rest_route=%2Fwp%2Fv2%2Fcomments&post=1665"}],"wp:featuredmedia":[{"embeddable":true,"href":"https:\/\/plauserspeckladele.it\/index.php?rest_route=\/wp\/v2\/media\/1666"}],"wp:attachment":[{"href":"https:\/\/plauserspeckladele.it\/index.php?rest_route=%2Fwp%2Fv2%2Fmedia&parent=1665"}],"wp:term":[{"taxonomy":"product_brand","embeddable":true,"href":"https:\/\/plauserspeckladele.it\/index.php?rest_route=%2Fwp%2Fv2%2Fproduct_brand&post=1665"},{"taxonomy":"product_cat","embeddable":true,"href":"https:\/\/plauserspeckladele.it\/index.php?rest_route=%2Fwp%2Fv2%2Fproduct_cat&post=1665"},{"taxonomy":"product_tag","embeddable":true,"href":"https:\/\/plauserspeckladele.it\/index.php?rest_route=%2Fwp%2Fv2%2Fproduct_tag&post=1665"}],"curies":[{"name":"wp","href":"https:\/\/api.w.org\/{rel}","templated":true}]}}