{"id":1736,"date":"2021-02-11T12:21:06","date_gmt":"2021-02-11T11:21:06","guid":{"rendered":"https:\/\/plauserspeckladele.it\/?post_type=product&#038;p=1736"},"modified":"2023-03-22T12:00:47","modified_gmt":"2023-03-22T11:00:47","slug":"tomaten-chili-bandnudeln-eggerhof","status":"publish","type":"product","link":"https:\/\/plauserspeckladele.it\/?product=tomaten-chili-bandnudeln-eggerhof","title":{"rendered":"Tomaten Chili Bandnudeln Eggerhof"},"content":{"rendered":"<p>Serviervorschlag:<\/p>\n<p>&#8211; Aglio Olio und Peperoncino<\/p>\n<p>&#8211; Wokgem\u00fcse<\/p>\n<p>-Garnelen<\/p>\n<p>-H\u00fchnchen<\/p>\n<p>Zubereitung:<\/p>\n<p>Kochen Sie die Nudeln in ca. 3 Liter Salzwasser (2 EL grobes Salz) f\u00fcr ca. 7 Minuten und r\u00fchren sie gelegentlich um. Wasser abgie\u00dfen und nach Belieben Sugo hinzugeben, salzen, pfeffern und fertig ist Ihr Pastagericht.<\/p>\n<p>Zutaten:<\/p>\n<p>Hartweizengrie\u00df , frische Eier 20%, Wasser, Tomatenkonzentrat 5%, Chilli (Peperoncino) 1%, Kurkuma, Rote Beete<\/p>\n<p>Schon gewusst:<\/p>\n<p>Erich Gruber, ein gelernter Koch, stellt im Nudelproduktionsbetrieb \u201eEggerhof\u201c beste Eierteignudel her. Dabei werden die Zutaten sehr sorgf\u00e4ltig ausgew\u00e4hlt, wobei haupts\u00e4chlich Freilandeier und gentechnikfreier Hartweizengrie\u00df verwendet werden. Auf den Zusatz von Farbstoffen und Konservierungsmitteln wird bewusst verzichtet.<\/p>\n","protected":false},"excerpt":{"rendered":"<p>Serviervorschlag: &#8211; Aglio Olio und Peperoncino &#8211; Wokgem\u00fcse -Garnelen -H\u00fchnchen Zubereitung: Kochen Sie die Nudeln in ca. 3 Liter Salzwasser (2 EL grobes Salz) f\u00fcr ca. 7 Minuten und r\u00fchren&#8230;<\/p>\n","protected":false},"featured_media":1737,"comment_status":"closed","ping_status":"closed","template":"","meta":[],"product_brand":[],"product_cat":[49],"product_tag":[],"class_list":{"0":"post-1736","1":"product","2":"type-product","3":"status-publish","4":"has-post-thumbnail","6":"product_cat-teigwaren-gewuerze","8":"first","9":"instock","10":"taxable","11":"shipping-taxable","12":"purchasable","13":"product-type-simple"},"_links":{"self":[{"href":"https:\/\/plauserspeckladele.it\/index.php?rest_route=\/wp\/v2\/product\/1736","targetHints":{"allow":["GET"]}}],"collection":[{"href":"https:\/\/plauserspeckladele.it\/index.php?rest_route=\/wp\/v2\/product"}],"about":[{"href":"https:\/\/plauserspeckladele.it\/index.php?rest_route=\/wp\/v2\/types\/product"}],"replies":[{"embeddable":true,"href":"https:\/\/plauserspeckladele.it\/index.php?rest_route=%2Fwp%2Fv2%2Fcomments&post=1736"}],"wp:featuredmedia":[{"embeddable":true,"href":"https:\/\/plauserspeckladele.it\/index.php?rest_route=\/wp\/v2\/media\/1737"}],"wp:attachment":[{"href":"https:\/\/plauserspeckladele.it\/index.php?rest_route=%2Fwp%2Fv2%2Fmedia&parent=1736"}],"wp:term":[{"taxonomy":"product_brand","embeddable":true,"href":"https:\/\/plauserspeckladele.it\/index.php?rest_route=%2Fwp%2Fv2%2Fproduct_brand&post=1736"},{"taxonomy":"product_cat","embeddable":true,"href":"https:\/\/plauserspeckladele.it\/index.php?rest_route=%2Fwp%2Fv2%2Fproduct_cat&post=1736"},{"taxonomy":"product_tag","embeddable":true,"href":"https:\/\/plauserspeckladele.it\/index.php?rest_route=%2Fwp%2Fv2%2Fproduct_tag&post=1736"}],"curies":[{"name":"wp","href":"https:\/\/api.w.org\/{rel}","templated":true}]}}