{"id":1879,"date":"2021-03-04T12:36:07","date_gmt":"2021-03-04T11:42:53","guid":{"rendered":"https:\/\/plauserspeckladele.it\/produkt\/a-a-cabernet-riserva-graf-cantina-merano\/"},"modified":"2021-03-04T12:42:53","modified_gmt":"2021-03-04T11:42:53","slug":"suedt-cabernet-riserva-graf-kellerei-meran-2","status":"publish","type":"product","link":"https:\/\/plauserspeckladele.it\/?product=suedt-cabernet-riserva-graf-kellerei-meran-2&lang=it","title":{"rendered":"A.A. Cabernet Riserva GRAF Cantina Merano"},"content":{"rendered":"<p>Questo vitigno che d\u00e0 vita a vini di colore rosso intenso, corposi e ricchi in fenoli \u00e8 originario della zona del Bordeaux, ma da diversi anni si sente sempre pi\u00f9 a suo agio nelle zone vinicole pi\u00f9 calde dell\u2019Alto Adige. Soltanto grazie ad una consistente riduzione della resa \u00e8 possibile ottenere un vino rosso ricco e corposo, che si distingue per il suo aroma tipico e speziato.<br \/>\nUn vero riserva che seduce al primo assaggio.<\/p>\n","protected":false},"excerpt":{"rendered":"<p>Questo vitigno che d\u00e0 vita a vini di colore rosso intenso, corposi e ricchi in fenoli \u00e8 originario della zona del Bordeaux, ma da diversi anni si sente sempre pi\u00f9&#8230;<\/p>\n","protected":false},"featured_media":2049,"comment_status":"closed","ping_status":"closed","template":"","meta":[],"product_brand":[],"product_cat":[47],"product_tag":[],"class_list":{"0":"post-1879","1":"product","2":"type-product","3":"status-publish","4":"has-post-thumbnail","6":"product_cat-vino-dellalto-adige","8":"first","9":"instock","10":"taxable","11":"shipping-taxable","12":"purchasable","13":"product-type-simple"},"_links":{"self":[{"href":"https:\/\/plauserspeckladele.it\/index.php?rest_route=\/wp\/v2\/product\/1879","targetHints":{"allow":["GET"]}}],"collection":[{"href":"https:\/\/plauserspeckladele.it\/index.php?rest_route=\/wp\/v2\/product"}],"about":[{"href":"https:\/\/plauserspeckladele.it\/index.php?rest_route=\/wp\/v2\/types\/product"}],"replies":[{"embeddable":true,"href":"https:\/\/plauserspeckladele.it\/index.php?rest_route=%2Fwp%2Fv2%2Fcomments&post=1879"}],"wp:featuredmedia":[{"embeddable":true,"href":"https:\/\/plauserspeckladele.it\/index.php?rest_route=\/wp\/v2\/media\/2049"}],"wp:attachment":[{"href":"https:\/\/plauserspeckladele.it\/index.php?rest_route=%2Fwp%2Fv2%2Fmedia&parent=1879"}],"wp:term":[{"taxonomy":"product_brand","embeddable":true,"href":"https:\/\/plauserspeckladele.it\/index.php?rest_route=%2Fwp%2Fv2%2Fproduct_brand&post=1879"},{"taxonomy":"product_cat","embeddable":true,"href":"https:\/\/plauserspeckladele.it\/index.php?rest_route=%2Fwp%2Fv2%2Fproduct_cat&post=1879"},{"taxonomy":"product_tag","embeddable":true,"href":"https:\/\/plauserspeckladele.it\/index.php?rest_route=%2Fwp%2Fv2%2Fproduct_tag&post=1879"}],"curies":[{"name":"wp","href":"https:\/\/api.w.org\/{rel}","templated":true}]}}

<p>Questo vitigno che dà vita a vini di colore rosso intenso, corposi e ricchi in fenoli è originario della zona del Bordeaux, ma da diversi anni si sente sempre più a suo agio nelle zone vinicole più calde dell’Alto Adige. Soltanto grazie ad una consistente riduzione della resa è possibile ottenere un vino rosso ricco e corposo, che si distingue per il suo aroma tipico e speziato.<br />
Un vero riserva che seduce al primo assaggio.</p>

<p>Questo vitigno che dà vita a vini di colore rosso intenso, corposi e ricchi in fenoli è originario della zona del Bordeaux, ma da diversi anni si sente sempre più&#8230;</p>
