{"id":1892,"date":"2021-03-05T17:40:02","date_gmt":"2021-03-05T16:45:42","guid":{"rendered":"https:\/\/plauserspeckladele.it\/produkt\/polpa-di-pomodoro-bio-orto\/"},"modified":"2021-03-05T17:45:48","modified_gmt":"2021-03-05T16:45:48","slug":"polpa-di-pomodoro-bio-orto","status":"publish","type":"product","link":"https:\/\/plauserspeckladele.it\/?product=polpa-di-pomodoro-bio-orto&lang=it","title":{"rendered":"Polpa di Pomodoro BIO-ORTO"},"content":{"rendered":"","protected":false},"excerpt":{"rendered":"<p>La nostra polpa di pomodoro contiene una quantit\u00e0 di licopene antiossidante superiore del 69% rispetto alle altre attualmente sul mercato. La regina delle conserve \u00e8 quindi dolce, rossa e cremosa ed \u00e8 ideale per la preparazione di sughi tradizionali, prestandosi a diverse tipologie di cotture.<\/p>\n","protected":false},"featured_media":1986,"comment_status":"closed","ping_status":"closed","template":"","meta":[],"product_brand":[],"product_cat":[64],"product_tag":[],"class_list":{"0":"post-1892","1":"product","2":"type-product","3":"status-publish","4":"has-post-thumbnail","6":"product_cat-antipasti-it","8":"first","9":"instock","10":"taxable","11":"shipping-taxable","12":"purchasable","13":"product-type-simple"},"_links":{"self":[{"href":"https:\/\/plauserspeckladele.it\/index.php?rest_route=\/wp\/v2\/product\/1892","targetHints":{"allow":["GET"]}}],"collection":[{"href":"https:\/\/plauserspeckladele.it\/index.php?rest_route=\/wp\/v2\/product"}],"about":[{"href":"https:\/\/plauserspeckladele.it\/index.php?rest_route=\/wp\/v2\/types\/product"}],"replies":[{"embeddable":true,"href":"https:\/\/plauserspeckladele.it\/index.php?rest_route=%2Fwp%2Fv2%2Fcomments&post=1892"}],"wp:featuredmedia":[{"embeddable":true,"href":"https:\/\/plauserspeckladele.it\/index.php?rest_route=\/wp\/v2\/media\/1986"}],"wp:attachment":[{"href":"https:\/\/plauserspeckladele.it\/index.php?rest_route=%2Fwp%2Fv2%2Fmedia&parent=1892"}],"wp:term":[{"taxonomy":"product_brand","embeddable":true,"href":"https:\/\/plauserspeckladele.it\/index.php?rest_route=%2Fwp%2Fv2%2Fproduct_brand&post=1892"},{"taxonomy":"product_cat","embeddable":true,"href":"https:\/\/plauserspeckladele.it\/index.php?rest_route=%2Fwp%2Fv2%2Fproduct_cat&post=1892"},{"taxonomy":"product_tag","embeddable":true,"href":"https:\/\/plauserspeckladele.it\/index.php?rest_route=%2Fwp%2Fv2%2Fproduct_tag&post=1892"}],"curies":[{"name":"wp","href":"https:\/\/api.w.org\/{rel}","templated":true}]}}