{"id":1918,"date":"2021-03-05T19:18:52","date_gmt":"2021-03-05T18:18:52","guid":{"rendered":"https:\/\/plauserspeckladele.it\/?post_type=product&#038;p=1918"},"modified":"2025-05-21T16:49:23","modified_gmt":"2025-05-21T14:49:23","slug":"suedt-gewuerztraminer-festival-kellerei-meran","status":"publish","type":"product","link":"https:\/\/plauserspeckladele.it\/?product=suedt-gewuerztraminer-festival-kellerei-meran","title":{"rendered":"S\u00fcdt. Gew\u00fcrztraminer FESTIVAL Kellerei Meran"},"content":{"rendered":"<p>Der Gew\u00fcrztraminer ist die autochthone Wei\u00dfwein-Rebsorte S\u00fcdtirols und bl\u00fcht in den tiefen Lagen rund um Meran so richtig auf. Bereits Aufzeichnungen aus dem 11. Jahrhundert berichten \u00fcber diese au\u00dfergew\u00f6hnliche, einzigartige und \u00e4u\u00dferst aromatische Wei\u00dfweinsorte. Unser K\u00f6nig der D\u00fcfte.<\/p>\n","protected":false},"excerpt":{"rendered":"<p>Der Gew\u00fcrztraminer ist die autochthone Wei\u00dfwein-Rebsorte S\u00fcdtirols und bl\u00fcht in den tiefen Lagen rund um Meran so richtig auf. Bereits Aufzeichnungen aus dem 11. Jahrhundert berichten \u00fcber diese au\u00dfergew\u00f6hnliche, einzigartige&#8230;<\/p>\n","protected":false},"featured_media":2061,"comment_status":"closed","ping_status":"closed","template":"","meta":[],"product_brand":[],"product_cat":[43],"product_tag":[],"class_list":{"0":"post-1918","1":"product","2":"type-product","3":"status-publish","4":"has-post-thumbnail","6":"product_cat-suedtiroler-weine","8":"first","9":"instock","10":"taxable","11":"shipping-taxable","12":"purchasable","13":"product-type-simple"},"_links":{"self":[{"href":"https:\/\/plauserspeckladele.it\/index.php?rest_route=\/wp\/v2\/product\/1918","targetHints":{"allow":["GET"]}}],"collection":[{"href":"https:\/\/plauserspeckladele.it\/index.php?rest_route=\/wp\/v2\/product"}],"about":[{"href":"https:\/\/plauserspeckladele.it\/index.php?rest_route=\/wp\/v2\/types\/product"}],"replies":[{"embeddable":true,"href":"https:\/\/plauserspeckladele.it\/index.php?rest_route=%2Fwp%2Fv2%2Fcomments&post=1918"}],"wp:featuredmedia":[{"embeddable":true,"href":"https:\/\/plauserspeckladele.it\/index.php?rest_route=\/wp\/v2\/media\/2061"}],"wp:attachment":[{"href":"https:\/\/plauserspeckladele.it\/index.php?rest_route=%2Fwp%2Fv2%2Fmedia&parent=1918"}],"wp:term":[{"taxonomy":"product_brand","embeddable":true,"href":"https:\/\/plauserspeckladele.it\/index.php?rest_route=%2Fwp%2Fv2%2Fproduct_brand&post=1918"},{"taxonomy":"product_cat","embeddable":true,"href":"https:\/\/plauserspeckladele.it\/index.php?rest_route=%2Fwp%2Fv2%2Fproduct_cat&post=1918"},{"taxonomy":"product_tag","embeddable":true,"href":"https:\/\/plauserspeckladele.it\/index.php?rest_route=%2Fwp%2Fv2%2Fproduct_tag&post=1918"}],"curies":[{"name":"wp","href":"https:\/\/api.w.org\/{rel}","templated":true}]}}