{"id":1949,"date":"2021-03-06T15:40:16","date_gmt":"2021-03-06T14:40:16","guid":{"rendered":"https:\/\/plauserspeckladele.it\/?post_type=product&#038;p=1949"},"modified":"2025-05-21T16:48:31","modified_gmt":"2025-05-21T14:48:31","slug":"kaltgepresstes-olivenoel-monocultivar-peranzana-bio-orto","status":"publish","type":"product","link":"https:\/\/plauserspeckladele.it\/?product=kaltgepresstes-olivenoel-monocultivar-peranzana-bio-orto","title":{"rendered":"Kaltgepresstes Oliven\u00f6l monocultivar \/ peranzana BIO-ORTO 250 ml"},"content":{"rendered":"<h4>Bio Orto<\/h4>\n<p>\u201eEs gibt nichts, das unsere Geschichte besser erz\u00e4hlen k\u00f6nnte, als unsere Produkte, die mit so viel Liebe angebaut werden und so voller Leben sind\u201c, davon ist Familie Passalacqua \u00fcberzeugt. \u201eBio Orto\u201c erzeugt Oliven\u00f6l- und Gem\u00fcseprodukte im s\u00fcditalienischen Apulien, am Fu\u00df des Gargano Nationalparks. Das Land, das auf nat\u00fcrliche Weise mit dem klaren Wasser der Berge bew\u00e4ssert wird, bietet ideale klimatische Bedingungen f\u00fcr den Anbau von Obst und Gem\u00fcse.<\/p>\n","protected":false},"excerpt":{"rendered":"<p>Dieses \u00d6l zeichnet sich durch seineEleganz aus: Aufgrund der Ausgewogenheit zwischen Herbheitund W\u00fcrzigkeit, seiner mittleren Fruchtigkeit und geringen S\u00e4ure\u00a0 handelt es sich um eines der begehrtesten nativen \u00d6le \u00fcberhaupt. Sein bet\u00f6render und voller Duft verbindet Aromen unreifer Tomaten und Noten w\u00fcrziger Kr\u00e4uter. Passt hervorragend zu erlesenen Gerichten, Fischtatar, Krustentieren, gebratenem Fisch,Salat, eingelegtem Gem\u00fcse.<\/p>\n","protected":false},"featured_media":1950,"comment_status":"closed","ping_status":"closed","template":"","meta":[],"product_brand":[],"product_cat":[34],"product_tag":[],"class_list":{"0":"post-1949","1":"product","2":"type-product","3":"status-publish","4":"has-post-thumbnail","6":"product_cat-olivenoel-und-essig","8":"first","9":"instock","10":"taxable","11":"shipping-taxable","12":"purchasable","13":"product-type-simple"},"_links":{"self":[{"href":"https:\/\/plauserspeckladele.it\/index.php?rest_route=\/wp\/v2\/product\/1949","targetHints":{"allow":["GET"]}}],"collection":[{"href":"https:\/\/plauserspeckladele.it\/index.php?rest_route=\/wp\/v2\/product"}],"about":[{"href":"https:\/\/plauserspeckladele.it\/index.php?rest_route=\/wp\/v2\/types\/product"}],"replies":[{"embeddable":true,"href":"https:\/\/plauserspeckladele.it\/index.php?rest_route=%2Fwp%2Fv2%2Fcomments&post=1949"}],"wp:featuredmedia":[{"embeddable":true,"href":"https:\/\/plauserspeckladele.it\/index.php?rest_route=\/wp\/v2\/media\/1950"}],"wp:attachment":[{"href":"https:\/\/plauserspeckladele.it\/index.php?rest_route=%2Fwp%2Fv2%2Fmedia&parent=1949"}],"wp:term":[{"taxonomy":"product_brand","embeddable":true,"href":"https:\/\/plauserspeckladele.it\/index.php?rest_route=%2Fwp%2Fv2%2Fproduct_brand&post=1949"},{"taxonomy":"product_cat","embeddable":true,"href":"https:\/\/plauserspeckladele.it\/index.php?rest_route=%2Fwp%2Fv2%2Fproduct_cat&post=1949"},{"taxonomy":"product_tag","embeddable":true,"href":"https:\/\/plauserspeckladele.it\/index.php?rest_route=%2Fwp%2Fv2%2Fproduct_tag&post=1949"}],"curies":[{"name":"wp","href":"https:\/\/api.w.org\/{rel}","templated":true}]}}