{"id":2155,"date":"2021-03-13T10:02:14","date_gmt":"2021-03-13T09:02:14","guid":{"rendered":"https:\/\/plauserspeckladele.it\/?post_type=product&#038;p=2155"},"modified":"2025-05-21T16:46:51","modified_gmt":"2025-05-21T14:46:51","slug":"suedt-goldmuskalteller-graf-kellerei-meran","status":"publish","type":"product","link":"https:\/\/plauserspeckladele.it\/?product=suedt-goldmuskalteller-graf-kellerei-meran","title":{"rendered":"S\u00fcdt. Goldmuskalteller GRAF Kellerei Meran"},"content":{"rendered":"<p>Tief goldgelbe, s\u00fc\u00dfe Beeren sind das Markenzeichen des Goldmuskatellers \u2013 ein funkelndes Juwel der Graf-Linie. Bedingt durch die Lese im Sp\u00e4therbst k\u00f6nnen nur wenige Reben an den sonnigsten H\u00e4ngen des Meraner Landes, in Verbindung mit einer konsequenten Ertragsreduktion, das volle Potenzial dieser grandiosen Sorte<br \/>\naussch\u00f6pfen. Ein trockener Wei\u00dfwein mit unverwechselbarem Muskataroma \u2013 ein wahrlich einzigartiger Duftkuss.<\/p>\n","protected":false},"excerpt":{"rendered":"<p>Tief goldgelbe, s\u00fc\u00dfe Beeren sind das Markenzeichen des Goldmuskatellers \u2013 ein funkelndes Juwel der Graf-Linie. Bedingt durch die Lese im Sp\u00e4therbst k\u00f6nnen nur wenige Reben an den sonnigsten H\u00e4ngen des&#8230;<\/p>\n","protected":false},"featured_media":2302,"comment_status":"closed","ping_status":"closed","template":"","meta":[],"product_brand":[],"product_cat":[43],"product_tag":[],"class_list":{"0":"post-2155","1":"product","2":"type-product","3":"status-publish","4":"has-post-thumbnail","6":"product_cat-suedtiroler-weine","8":"first","9":"instock","10":"taxable","11":"shipping-taxable","12":"purchasable","13":"product-type-simple"},"_links":{"self":[{"href":"https:\/\/plauserspeckladele.it\/index.php?rest_route=\/wp\/v2\/product\/2155","targetHints":{"allow":["GET"]}}],"collection":[{"href":"https:\/\/plauserspeckladele.it\/index.php?rest_route=\/wp\/v2\/product"}],"about":[{"href":"https:\/\/plauserspeckladele.it\/index.php?rest_route=\/wp\/v2\/types\/product"}],"replies":[{"embeddable":true,"href":"https:\/\/plauserspeckladele.it\/index.php?rest_route=%2Fwp%2Fv2%2Fcomments&post=2155"}],"wp:featuredmedia":[{"embeddable":true,"href":"https:\/\/plauserspeckladele.it\/index.php?rest_route=\/wp\/v2\/media\/2302"}],"wp:attachment":[{"href":"https:\/\/plauserspeckladele.it\/index.php?rest_route=%2Fwp%2Fv2%2Fmedia&parent=2155"}],"wp:term":[{"taxonomy":"product_brand","embeddable":true,"href":"https:\/\/plauserspeckladele.it\/index.php?rest_route=%2Fwp%2Fv2%2Fproduct_brand&post=2155"},{"taxonomy":"product_cat","embeddable":true,"href":"https:\/\/plauserspeckladele.it\/index.php?rest_route=%2Fwp%2Fv2%2Fproduct_cat&post=2155"},{"taxonomy":"product_tag","embeddable":true,"href":"https:\/\/plauserspeckladele.it\/index.php?rest_route=%2Fwp%2Fv2%2Fproduct_tag&post=2155"}],"curies":[{"name":"wp","href":"https:\/\/api.w.org\/{rel}","templated":true}]}}

Südt. Goldmuskalteller GRAF Kellerei Meran

<p>Tief goldgelbe, süße Beeren sind das Markenzeichen des Goldmuskatellers – ein funkelndes Juwel der Graf-Linie. Bedingt durch die Lese im Spätherbst können nur wenige Reben an den sonnigsten Hängen des Meraner Landes, in Verbindung mit einer konsequenten Ertragsreduktion, das volle Potenzial dieser grandiosen Sorte<br />
ausschöpfen. Ein trockener Weißwein mit unverwechselbarem Muskataroma – ein wahrlich einzigartiger Duftkuss.</p>

<p>Tief goldgelbe, süße Beeren sind das Markenzeichen des Goldmuskatellers – ein funkelndes Juwel der Graf-Linie. Bedingt durch die Lese im Spätherbst können nur wenige Reben an den sonnigsten Hängen des&#8230;</p>
