{"id":2167,"date":"2021-03-13T10:49:57","date_gmt":"2021-03-13T09:49:57","guid":{"rendered":"https:\/\/plauserspeckladele.it\/?post_type=product&#038;p=2167"},"modified":"2025-05-21T16:43:23","modified_gmt":"2025-05-21T14:43:23","slug":"suedt-lagrein-riserva-segen-kellerei-meran","status":"publish","type":"product","link":"https:\/\/plauserspeckladele.it\/?product=suedt-lagrein-riserva-segen-kellerei-meran","title":{"rendered":"S\u00fcdt. Lagrein Riserva SEGEN Kellerei Meran"},"content":{"rendered":"<p>Der Name ist hier Programm. Entlang des Tappeinerweges, \u00fcber den D\u00e4chern der Kurstadt Meran, thront der Segenb\u00fchel mit seinen majest\u00e4tischen Steillagen, den zugleich w\u00e4rmsten und trockensten Lagen Merans. Ein wahrer Segen f\u00fcr alle Weinliebhaber, denn die h\u00e4ndisch bearbeiteten B\u00f6den besitzen eine einmalige<br \/>\nW\u00e4rmespeicherkapazit\u00e4t. Sie sind in der Lage den Trauben die \u00fcber Tag aufgenommene W\u00e4rme \u00fcber der Nacht verteilt abzugeben und schaffen dadurch ideale Reifebedingungen. Das schwache Wachstum der Reben tr\u00e4gt das Seine f\u00fcr eine beeindruckende Qualit\u00e4t bei. Eindrucksvoll, komplex und fruchtig kommt diese autochthone Rebsorte in einem sortentypischen, eleganten und kr\u00e4ftigen Riserva voll zur Geltung.<\/p>\n","protected":false},"excerpt":{"rendered":"<p>Der Name ist hier Programm. Entlang des Tappeinerweges, \u00fcber den D\u00e4chern der Kurstadt Meran, thront der Segenb\u00fchel mit seinen majest\u00e4tischen Steillagen, den zugleich w\u00e4rmsten und trockensten Lagen Merans. Ein wahrer&#8230;<\/p>\n","protected":false},"featured_media":2312,"comment_status":"closed","ping_status":"closed","template":"","meta":[],"product_brand":[],"product_cat":[43],"product_tag":[],"class_list":{"0":"post-2167","1":"product","2":"type-product","3":"status-publish","4":"has-post-thumbnail","6":"product_cat-suedtiroler-weine","8":"first","9":"instock","10":"taxable","11":"shipping-taxable","12":"purchasable","13":"product-type-simple"},"_links":{"self":[{"href":"https:\/\/plauserspeckladele.it\/index.php?rest_route=\/wp\/v2\/product\/2167","targetHints":{"allow":["GET"]}}],"collection":[{"href":"https:\/\/plauserspeckladele.it\/index.php?rest_route=\/wp\/v2\/product"}],"about":[{"href":"https:\/\/plauserspeckladele.it\/index.php?rest_route=\/wp\/v2\/types\/product"}],"replies":[{"embeddable":true,"href":"https:\/\/plauserspeckladele.it\/index.php?rest_route=%2Fwp%2Fv2%2Fcomments&post=2167"}],"wp:featuredmedia":[{"embeddable":true,"href":"https:\/\/plauserspeckladele.it\/index.php?rest_route=\/wp\/v2\/media\/2312"}],"wp:attachment":[{"href":"https:\/\/plauserspeckladele.it\/index.php?rest_route=%2Fwp%2Fv2%2Fmedia&parent=2167"}],"wp:term":[{"taxonomy":"product_brand","embeddable":true,"href":"https:\/\/plauserspeckladele.it\/index.php?rest_route=%2Fwp%2Fv2%2Fproduct_brand&post=2167"},{"taxonomy":"product_cat","embeddable":true,"href":"https:\/\/plauserspeckladele.it\/index.php?rest_route=%2Fwp%2Fv2%2Fproduct_cat&post=2167"},{"taxonomy":"product_tag","embeddable":true,"href":"https:\/\/plauserspeckladele.it\/index.php?rest_route=%2Fwp%2Fv2%2Fproduct_tag&post=2167"}],"curies":[{"name":"wp","href":"https:\/\/api.w.org\/{rel}","templated":true}]}}