{"id":2176,"date":"2021-03-13T11:22:10","date_gmt":"2021-03-13T10:22:10","guid":{"rendered":"https:\/\/plauserspeckladele.it\/?post_type=product&#038;p=2176"},"modified":"2025-05-21T16:41:56","modified_gmt":"2025-05-21T14:41:56","slug":"suedt-meraner-vernatsch-festival-kellerei-meran","status":"publish","type":"product","link":"https:\/\/plauserspeckladele.it\/?product=suedt-meraner-vernatsch-festival-kellerei-meran","title":{"rendered":"S\u00fcdt. Meraner Vernatsch FESTIVAL Kellerei Meran"},"content":{"rendered":"<p>Vernatsch ist die \u00e4lteste autochthone rote Rebsorte S\u00fcdtirols und genie\u00dft im Meraner Land einen besonders hohen Stellenwert. Ein wahrer Allrounder der Speisebegleitung, vor allem zu traditionellen S\u00fcdtiroler Gerichten und italienischen Spezialit\u00e4ten. Gek\u00fchlt ist dieser leichte Rotwein ein beliebter Appetizer.<br \/>\nPure Tradition gepaart mit einem frischen, fruchtigen Trinkerlebnis.<\/p>\n","protected":false},"excerpt":{"rendered":"<p>Vernatsch ist die \u00e4lteste autochthone rote Rebsorte S\u00fcdtirols und genie\u00dft im Meraner Land einen besonders hohen Stellenwert. Ein wahrer Allrounder der Speisebegleitung, vor allem zu traditionellen S\u00fcdtiroler Gerichten und italienischen&#8230;<\/p>\n","protected":false},"featured_media":2310,"comment_status":"closed","ping_status":"closed","template":"","meta":[],"product_brand":[],"product_cat":[43],"product_tag":[],"class_list":{"0":"post-2176","1":"product","2":"type-product","3":"status-publish","4":"has-post-thumbnail","6":"product_cat-suedtiroler-weine","8":"first","9":"instock","10":"taxable","11":"shipping-taxable","12":"purchasable","13":"product-type-simple"},"_links":{"self":[{"href":"https:\/\/plauserspeckladele.it\/index.php?rest_route=\/wp\/v2\/product\/2176","targetHints":{"allow":["GET"]}}],"collection":[{"href":"https:\/\/plauserspeckladele.it\/index.php?rest_route=\/wp\/v2\/product"}],"about":[{"href":"https:\/\/plauserspeckladele.it\/index.php?rest_route=\/wp\/v2\/types\/product"}],"replies":[{"embeddable":true,"href":"https:\/\/plauserspeckladele.it\/index.php?rest_route=%2Fwp%2Fv2%2Fcomments&post=2176"}],"wp:featuredmedia":[{"embeddable":true,"href":"https:\/\/plauserspeckladele.it\/index.php?rest_route=\/wp\/v2\/media\/2310"}],"wp:attachment":[{"href":"https:\/\/plauserspeckladele.it\/index.php?rest_route=%2Fwp%2Fv2%2Fmedia&parent=2176"}],"wp:term":[{"taxonomy":"product_brand","embeddable":true,"href":"https:\/\/plauserspeckladele.it\/index.php?rest_route=%2Fwp%2Fv2%2Fproduct_brand&post=2176"},{"taxonomy":"product_cat","embeddable":true,"href":"https:\/\/plauserspeckladele.it\/index.php?rest_route=%2Fwp%2Fv2%2Fproduct_cat&post=2176"},{"taxonomy":"product_tag","embeddable":true,"href":"https:\/\/plauserspeckladele.it\/index.php?rest_route=%2Fwp%2Fv2%2Fproduct_tag&post=2176"}],"curies":[{"name":"wp","href":"https:\/\/api.w.org\/{rel}","templated":true}]}}