{"id":3362,"date":"2023-03-01T11:53:17","date_gmt":"2023-03-01T10:53:17","guid":{"rendered":"https:\/\/plauserspeckladele.it\/?post_type=product&#038;p=3362"},"modified":"2024-05-27T19:58:18","modified_gmt":"2024-05-27T17:58:18","slug":"vinschgauer-haussalami","status":"publish","type":"product","link":"https:\/\/plauserspeckladele.it\/?product=vinschgauer-haussalami","title":{"rendered":"Vinschgauer Haussalami"},"content":{"rendered":"","protected":false},"excerpt":{"rendered":"<p>Die Salamiwurst aus saftigem Schweinefleisch gemischt mit einheimischem Rindfleisch , mit R\u00fcckenspeck verfeinert und an der Vinschger Bergluft herangereift. Schmeckt ausgewogen mild und passt hervorragend zu einem guten Glas Rotwein, als herzhafter Appetitanreger oder zur typischen S\u00fcdtiroler Marende und in jedes Jausebrot.<\/p>\n<p><strong>Zutaten:<\/strong>\u00a0Schweinefleisch&gt;Herkunft: EU&lt; (112g\/100g Endprodukt); Rindfleisch (18g\/100g Endprodukt); R\u00fcckenspeck; P\u00f6kelsalz; Gew\u00fcrze; Dextrose; Antioxidationsmittel: Natriumascorbat; Pfeffer; Saccarose; Glucosesirup; Rote Beete Pulver; Paprikaextrakt; Knoblauch; Starterkulturen; Konservierungsstoff: Natriumnitrit, Kaliumnitrat<\/p>\n<p><strong>Lagerung<\/strong>: K\u00fchl lagern, nicht der Sonne aussetzen<\/p>\n<p>\u2713 Glutamatfrei<\/p>\n<p>\u2713 Laktosefrei<\/p>\n<p>\u2713 Allergenfrei<\/p>\n<p>\u2713 Glutenfrei<\/p>\n","protected":false},"featured_media":722,"comment_status":"closed","ping_status":"closed","template":"","meta":[],"product_brand":[],"product_cat":[32],"product_tag":[],"class_list":{"0":"post-3362","1":"product","2":"type-product","3":"status-publish","4":"has-post-thumbnail","6":"product_cat-salami-wurst","8":"first","9":"instock","10":"taxable","11":"shipping-taxable","12":"purchasable","13":"product-type-simple"},"_links":{"self":[{"href":"https:\/\/plauserspeckladele.it\/index.php?rest_route=\/wp\/v2\/product\/3362","targetHints":{"allow":["GET"]}}],"collection":[{"href":"https:\/\/plauserspeckladele.it\/index.php?rest_route=\/wp\/v2\/product"}],"about":[{"href":"https:\/\/plauserspeckladele.it\/index.php?rest_route=\/wp\/v2\/types\/product"}],"replies":[{"embeddable":true,"href":"https:\/\/plauserspeckladele.it\/index.php?rest_route=%2Fwp%2Fv2%2Fcomments&post=3362"}],"wp:featuredmedia":[{"embeddable":true,"href":"https:\/\/plauserspeckladele.it\/index.php?rest_route=\/wp\/v2\/media\/722"}],"wp:attachment":[{"href":"https:\/\/plauserspeckladele.it\/index.php?rest_route=%2Fwp%2Fv2%2Fmedia&parent=3362"}],"wp:term":[{"taxonomy":"product_brand","embeddable":true,"href":"https:\/\/plauserspeckladele.it\/index.php?rest_route=%2Fwp%2Fv2%2Fproduct_brand&post=3362"},{"taxonomy":"product_cat","embeddable":true,"href":"https:\/\/plauserspeckladele.it\/index.php?rest_route=%2Fwp%2Fv2%2Fproduct_cat&post=3362"},{"taxonomy":"product_tag","embeddable":true,"href":"https:\/\/plauserspeckladele.it\/index.php?rest_route=%2Fwp%2Fv2%2Fproduct_tag&post=3362"}],"curies":[{"name":"wp","href":"https:\/\/api.w.org\/{rel}","templated":true}]}}