{"id":4648,"date":"2025-08-27T12:00:23","date_gmt":"2025-08-27T10:00:23","guid":{"rendered":"https:\/\/plauserspeckladele.it\/?post_type=product&#038;p=4648"},"modified":"2025-08-28T09:18:23","modified_gmt":"2025-08-28T07:18:23","slug":"olivenoel-franto-3l","status":"publish","type":"product","link":"https:\/\/plauserspeckladele.it\/?product=olivenoel-franto-3l","title":{"rendered":"Oliven\u00f6l Franto 3L"},"content":{"rendered":"<p>Das Oliven\u00f6l Franto eignet sich f\u00fcr alles auch zum leicht erhitzen.<\/p>\n<p>Gewonnen aus einer sorgf\u00e4ltigen Auswahl an Oliven, die aus den besten Regionen Italiens mit Tradition in Olivenanbau stammen.<\/p>\n<p>Das Franto Oliven\u00f6l ist etwas intensiver als das Oliver.<\/p>\n<p>Der 3 Liter Kanister h\u00e4lt sich \u00fcber 1 Jahr somit kann man das Oliven\u00f6l in der eigenen Flasche immer nachf\u00fcllen.<\/p>\n","protected":false},"excerpt":{"rendered":"<p>Das Oliven\u00f6l Franto eignet sich f\u00fcr alles auch zum leicht erhitzen.<\/p>\n<p>Gewonnen aus einer sorgf\u00e4ltigen Auswahl an Oliven, die aus den besten Regionen Italiens mit Tradition in Olivenanbau stammen.<\/p>\n<p>Das Franto Oliven\u00f6l ist etwas intensiver als das Oliver.<\/p>\n","protected":false},"featured_media":4649,"comment_status":"closed","ping_status":"closed","template":"","meta":[],"product_brand":[],"product_cat":[34],"product_tag":[],"class_list":{"0":"post-4648","1":"product","2":"type-product","3":"status-publish","4":"has-post-thumbnail","6":"product_cat-olivenoel-und-essig","8":"first","9":"instock","10":"taxable","11":"shipping-taxable","12":"purchasable","13":"product-type-simple"},"_links":{"self":[{"href":"https:\/\/plauserspeckladele.it\/index.php?rest_route=\/wp\/v2\/product\/4648","targetHints":{"allow":["GET"]}}],"collection":[{"href":"https:\/\/plauserspeckladele.it\/index.php?rest_route=\/wp\/v2\/product"}],"about":[{"href":"https:\/\/plauserspeckladele.it\/index.php?rest_route=\/wp\/v2\/types\/product"}],"replies":[{"embeddable":true,"href":"https:\/\/plauserspeckladele.it\/index.php?rest_route=%2Fwp%2Fv2%2Fcomments&post=4648"}],"wp:featuredmedia":[{"embeddable":true,"href":"https:\/\/plauserspeckladele.it\/index.php?rest_route=\/wp\/v2\/media\/4649"}],"wp:attachment":[{"href":"https:\/\/plauserspeckladele.it\/index.php?rest_route=%2Fwp%2Fv2%2Fmedia&parent=4648"}],"wp:term":[{"taxonomy":"product_brand","embeddable":true,"href":"https:\/\/plauserspeckladele.it\/index.php?rest_route=%2Fwp%2Fv2%2Fproduct_brand&post=4648"},{"taxonomy":"product_cat","embeddable":true,"href":"https:\/\/plauserspeckladele.it\/index.php?rest_route=%2Fwp%2Fv2%2Fproduct_cat&post=4648"},{"taxonomy":"product_tag","embeddable":true,"href":"https:\/\/plauserspeckladele.it\/index.php?rest_route=%2Fwp%2Fv2%2Fproduct_tag&post=4648"}],"curies":[{"name":"wp","href":"https:\/\/api.w.org\/{rel}","templated":true}]}}

Olivenöl Franto 3L

<p>Das Olivenöl Franto eignet sich für alles auch zum leicht erhitzen.</p>
<p>Gewonnen aus einer sorgfältigen Auswahl an Oliven, die aus den besten Regionen Italiens mit Tradition in Olivenanbau stammen.</p>
<p>Das Franto Olivenöl ist etwas intensiver als das Oliver.</p>
<p>Der 3 Liter Kanister hält sich über 1 Jahr somit kann man das Olivenöl in der eigenen Flasche immer nachfüllen.</p>

<p>Das Olivenöl Franto eignet sich für alles auch zum leicht erhitzen.</p>
<p>Gewonnen aus einer sorgfältigen Auswahl an Oliven, die aus den besten Regionen Italiens mit Tradition in Olivenanbau stammen.</p>
<p>Das Franto Olivenöl ist etwas intensiver als das Oliver.</p>
