{"id":565,"date":"2020-12-08T15:24:12","date_gmt":"2020-12-08T14:24:12","guid":{"rendered":"https:\/\/plauserspeckladele.it\/?post_type=product&#038;p=565"},"modified":"2022-04-12T11:18:36","modified_gmt":"2022-04-12T09:18:36","slug":"rosmarin-schuettelbrot-fritz-und-felix","status":"publish","type":"product","link":"https:\/\/plauserspeckladele.it\/?product=rosmarin-schuettelbrot-fritz-und-felix","title":{"rendered":"Rosmarin-Sch\u00fcttelbrot (Fritz und Felix)"},"content":{"rendered":"","protected":false},"excerpt":{"rendered":"<p><span style=\"line-height: 115%; font-family: 'Bookman Old Style',serif; font-size: 12pt;\"><span style=\"color: #000000;\">Unverkennbar im Geschmack, einzigartig gut. Der immergr\u00fcne Rosmarin f\u00f6rdert die Fettverdauung, bek\u00e4mpft M\u00fcdigkeit und erh\u00f6ht gleichzeitig den Blutdruck. Tun Sie Ihrem K\u00f6rper etwas Gutes mit dem Rosmarin-Sch\u00fcttelbrot von Fritz und Felix \u2013 100 % nat\u00fcrlicher Knabberspa\u00df.<\/span><\/span><\/p>\n<p><span style=\"line-height: 115%; font-family: 'Bookman Old Style',serif; font-size: 12pt;\"><span style=\"color: #000000;\">Zutatenliste: Roggenmehl aus der EU (81 %), Weizenmehl, Hefe, Rosmarin (3 %), Salz, Gerstenmalzextrakt, Gerstenmalzmehl. Kann Spuren von Sesam enthalten.<\/span><\/span><\/p>\n","protected":false},"featured_media":569,"comment_status":"closed","ping_status":"closed","template":"","meta":[],"product_brand":[],"product_cat":[41],"product_tag":[],"class_list":{"0":"post-565","1":"product","2":"type-product","3":"status-publish","4":"has-post-thumbnail","6":"product_cat-schuettelbrot-getreide","8":"first","9":"instock","10":"taxable","11":"shipping-taxable","12":"purchasable","13":"product-type-simple"},"_links":{"self":[{"href":"https:\/\/plauserspeckladele.it\/index.php?rest_route=\/wp\/v2\/product\/565","targetHints":{"allow":["GET"]}}],"collection":[{"href":"https:\/\/plauserspeckladele.it\/index.php?rest_route=\/wp\/v2\/product"}],"about":[{"href":"https:\/\/plauserspeckladele.it\/index.php?rest_route=\/wp\/v2\/types\/product"}],"replies":[{"embeddable":true,"href":"https:\/\/plauserspeckladele.it\/index.php?rest_route=%2Fwp%2Fv2%2Fcomments&post=565"}],"wp:featuredmedia":[{"embeddable":true,"href":"https:\/\/plauserspeckladele.it\/index.php?rest_route=\/wp\/v2\/media\/569"}],"wp:attachment":[{"href":"https:\/\/plauserspeckladele.it\/index.php?rest_route=%2Fwp%2Fv2%2Fmedia&parent=565"}],"wp:term":[{"taxonomy":"product_brand","embeddable":true,"href":"https:\/\/plauserspeckladele.it\/index.php?rest_route=%2Fwp%2Fv2%2Fproduct_brand&post=565"},{"taxonomy":"product_cat","embeddable":true,"href":"https:\/\/plauserspeckladele.it\/index.php?rest_route=%2Fwp%2Fv2%2Fproduct_cat&post=565"},{"taxonomy":"product_tag","embeddable":true,"href":"https:\/\/plauserspeckladele.it\/index.php?rest_route=%2Fwp%2Fv2%2Fproduct_tag&post=565"}],"curies":[{"name":"wp","href":"https:\/\/api.w.org\/{rel}","templated":true}]}}