{"id":638,"date":"2020-12-08T16:10:52","date_gmt":"2020-12-08T15:10:52","guid":{"rendered":"https:\/\/plauserspeckladele.it\/?post_type=product&#038;p=638"},"modified":"2023-03-01T09:30:46","modified_gmt":"2023-03-01T08:30:46","slug":"geselchtes-vom-rind","status":"publish","type":"product","link":"https:\/\/plauserspeckladele.it\/?product=geselchtes-vom-rind","title":{"rendered":"Geselchtes vom Rind"},"content":{"rendered":"","protected":false},"excerpt":{"rendered":"<p>Das magere Rindfleisch aus der Oberschenkelmuskulatur wird von Hand mit einer speziellen Gew\u00fcrzmischung eingew\u00fcrzt. Anschlie\u00dfend wird es anger\u00e4uchert und so lange luftgetrocknet, bis es \u00fcber die ideale Konsistenz verf\u00fcgt.<\/p>\n","protected":false},"featured_media":641,"comment_status":"closed","ping_status":"closed","template":"","meta":[],"product_brand":[],"product_cat":[31],"product_tag":[],"class_list":{"0":"post-638","1":"product","2":"type-product","3":"status-publish","4":"has-post-thumbnail","6":"product_cat-speck-veredelte-produkte","8":"first","9":"instock","10":"taxable","11":"shipping-taxable","12":"purchasable","13":"product-type-simple"},"_links":{"self":[{"href":"https:\/\/plauserspeckladele.it\/index.php?rest_route=\/wp\/v2\/product\/638","targetHints":{"allow":["GET"]}}],"collection":[{"href":"https:\/\/plauserspeckladele.it\/index.php?rest_route=\/wp\/v2\/product"}],"about":[{"href":"https:\/\/plauserspeckladele.it\/index.php?rest_route=\/wp\/v2\/types\/product"}],"replies":[{"embeddable":true,"href":"https:\/\/plauserspeckladele.it\/index.php?rest_route=%2Fwp%2Fv2%2Fcomments&post=638"}],"wp:featuredmedia":[{"embeddable":true,"href":"https:\/\/plauserspeckladele.it\/index.php?rest_route=\/wp\/v2\/media\/641"}],"wp:attachment":[{"href":"https:\/\/plauserspeckladele.it\/index.php?rest_route=%2Fwp%2Fv2%2Fmedia&parent=638"}],"wp:term":[{"taxonomy":"product_brand","embeddable":true,"href":"https:\/\/plauserspeckladele.it\/index.php?rest_route=%2Fwp%2Fv2%2Fproduct_brand&post=638"},{"taxonomy":"product_cat","embeddable":true,"href":"https:\/\/plauserspeckladele.it\/index.php?rest_route=%2Fwp%2Fv2%2Fproduct_cat&post=638"},{"taxonomy":"product_tag","embeddable":true,"href":"https:\/\/plauserspeckladele.it\/index.php?rest_route=%2Fwp%2Fv2%2Fproduct_tag&post=638"}],"curies":[{"name":"wp","href":"https:\/\/api.w.org\/{rel}","templated":true}]}}