{"id":724,"date":"2020-12-08T17:05:00","date_gmt":"2020-12-08T16:05:00","guid":{"rendered":"https:\/\/plauserspeckladele.it\/?post_type=product&#038;p=724"},"modified":"2023-03-01T10:25:56","modified_gmt":"2023-03-01T09:25:56","slug":"alpenbluetensalami","status":"publish","type":"product","link":"https:\/\/plauserspeckladele.it\/?product=alpenbluetensalami","title":{"rendered":"Alpenbl\u00fctensalami"},"content":{"rendered":"","protected":false},"excerpt":{"rendered":"<p>Diese aromatische Salami wird aus saftigem Schweinefleisch hergestellt und ist mit Alpenbl\u00fcten aus der Bergwelt umh\u00fcllt.<\/p>\n<p>Zutaten: Schweinefleisch; Salz; Gew\u00fcrze; Dextrose; Speisegelatine; Alpenbl\u00fcten (5 % pro 100 g); Antioxidationsmittel: Ascorbins\u00e4ure; Konservierungsstoff: Kaliumnitrat.<\/p>\n<p>\u2713 Glutenfrei<\/p>\n<p>\u2713 Laktosefrei<\/p>\n","protected":false},"featured_media":725,"comment_status":"closed","ping_status":"closed","template":"","meta":[],"product_brand":[],"product_cat":[32],"product_tag":[],"class_list":{"0":"post-724","1":"product","2":"type-product","3":"status-publish","4":"has-post-thumbnail","6":"product_cat-salami-wurst","8":"first","9":"instock","10":"taxable","11":"shipping-taxable","12":"purchasable","13":"product-type-simple"},"_links":{"self":[{"href":"https:\/\/plauserspeckladele.it\/index.php?rest_route=\/wp\/v2\/product\/724","targetHints":{"allow":["GET"]}}],"collection":[{"href":"https:\/\/plauserspeckladele.it\/index.php?rest_route=\/wp\/v2\/product"}],"about":[{"href":"https:\/\/plauserspeckladele.it\/index.php?rest_route=\/wp\/v2\/types\/product"}],"replies":[{"embeddable":true,"href":"https:\/\/plauserspeckladele.it\/index.php?rest_route=%2Fwp%2Fv2%2Fcomments&post=724"}],"wp:featuredmedia":[{"embeddable":true,"href":"https:\/\/plauserspeckladele.it\/index.php?rest_route=\/wp\/v2\/media\/725"}],"wp:attachment":[{"href":"https:\/\/plauserspeckladele.it\/index.php?rest_route=%2Fwp%2Fv2%2Fmedia&parent=724"}],"wp:term":[{"taxonomy":"product_brand","embeddable":true,"href":"https:\/\/plauserspeckladele.it\/index.php?rest_route=%2Fwp%2Fv2%2Fproduct_brand&post=724"},{"taxonomy":"product_cat","embeddable":true,"href":"https:\/\/plauserspeckladele.it\/index.php?rest_route=%2Fwp%2Fv2%2Fproduct_cat&post=724"},{"taxonomy":"product_tag","embeddable":true,"href":"https:\/\/plauserspeckladele.it\/index.php?rest_route=%2Fwp%2Fv2%2Fproduct_tag&post=724"}],"curies":[{"name":"wp","href":"https:\/\/api.w.org\/{rel}","templated":true}]}}