{"id":744,"date":"2020-12-08T17:25:44","date_gmt":"2020-12-08T16:25:44","guid":{"rendered":"https:\/\/plauserspeckladele.it\/?post_type=product&#038;p=744"},"modified":"2022-04-12T11:59:08","modified_gmt":"2022-04-12T09:59:08","slug":"balsamicoessig-olearia-caldera-vom-gardasee","status":"publish","type":"product","link":"https:\/\/plauserspeckladele.it\/?product=balsamicoessig-olearia-caldera-vom-gardasee","title":{"rendered":"Balsamicoessig \u201eOlearia Caldera\u201c vom Gardasee"},"content":{"rendered":"","protected":false},"excerpt":{"rendered":"<p><span style=\"line-height: 115%; font-family: 'Bookman Old Style',serif; font-size: 12pt;\"><span style=\"color: #000000;\">Der Balsamicoessig stammt vom s\u00fcdlichen Gardasee und tr\u00e4gt das Qualit\u00e4tssiegel \u201eIGP\u201c (gesch\u00fctzte geografische Angabe). Er eignet sich hervorragend f\u00fcr die Zubereitung von Salatdressing und hat eine intensive Note. <\/span><\/span><\/p>\n","protected":false},"featured_media":2063,"comment_status":"closed","ping_status":"closed","template":"","meta":[],"product_brand":[],"product_cat":[34],"product_tag":[],"class_list":{"0":"post-744","1":"product","2":"type-product","3":"status-publish","4":"has-post-thumbnail","6":"product_cat-olivenoel-und-essig","8":"first","9":"instock","10":"taxable","11":"shipping-taxable","12":"purchasable","13":"product-type-simple"},"_links":{"self":[{"href":"https:\/\/plauserspeckladele.it\/index.php?rest_route=\/wp\/v2\/product\/744","targetHints":{"allow":["GET"]}}],"collection":[{"href":"https:\/\/plauserspeckladele.it\/index.php?rest_route=\/wp\/v2\/product"}],"about":[{"href":"https:\/\/plauserspeckladele.it\/index.php?rest_route=\/wp\/v2\/types\/product"}],"replies":[{"embeddable":true,"href":"https:\/\/plauserspeckladele.it\/index.php?rest_route=%2Fwp%2Fv2%2Fcomments&post=744"}],"wp:featuredmedia":[{"embeddable":true,"href":"https:\/\/plauserspeckladele.it\/index.php?rest_route=\/wp\/v2\/media\/2063"}],"wp:attachment":[{"href":"https:\/\/plauserspeckladele.it\/index.php?rest_route=%2Fwp%2Fv2%2Fmedia&parent=744"}],"wp:term":[{"taxonomy":"product_brand","embeddable":true,"href":"https:\/\/plauserspeckladele.it\/index.php?rest_route=%2Fwp%2Fv2%2Fproduct_brand&post=744"},{"taxonomy":"product_cat","embeddable":true,"href":"https:\/\/plauserspeckladele.it\/index.php?rest_route=%2Fwp%2Fv2%2Fproduct_cat&post=744"},{"taxonomy":"product_tag","embeddable":true,"href":"https:\/\/plauserspeckladele.it\/index.php?rest_route=%2Fwp%2Fv2%2Fproduct_tag&post=744"}],"curies":[{"name":"wp","href":"https:\/\/api.w.org\/{rel}","templated":true}]}}

<p><span style="line-height: 115%; font-family: 'Bookman Old Style',serif; font-size: 12pt;"><span style="color: #000000;">Der Balsamicoessig stammt vom südlichen Gardasee und trägt das Qualitätssiegel „IGP“ (geschützte geografische Angabe). Er eignet sich hervorragend für die Zubereitung von Salatdressing und hat eine intensive Note. </span></span></p>
