{"id":805,"date":"2020-12-08T18:10:21","date_gmt":"2020-12-08T17:10:21","guid":{"rendered":"https:\/\/plauserspeckladele.it\/?post_type=product&#038;p=805"},"modified":"2023-11-14T09:54:50","modified_gmt":"2023-11-14T08:54:50","slug":"kaminwurzen","status":"publish","type":"product","link":"https:\/\/plauserspeckladele.it\/?product=kaminwurzen","title":{"rendered":"Kaminwurzen"},"content":{"rendered":"","protected":false},"excerpt":{"rendered":"<p>Der frisch ger\u00e4ucherte Klassiker aus saftigem Schweinefleisch wird mit Rindfleisch verfeinert und schmeckt mild und zugleich herzhaft. Die Kaminwurzen passen hervorragend zu einem guten Glas Rotwein. Au\u00dferdem sind sie Appetitanreger und fester Bestandteil einer typischen S\u00fcdtiroler Marende.<\/p>\n<p>&nbsp;<\/p>\n<p>Zutaten: Schweinefleisch (100 g pro 100 g); Rindfleisch (39 g pro 100 g); R\u00fcckenspeck; P\u00f6kelsalz; Dextrose; Gew\u00fcrze; Antioxidationsmittel: Natriumascorbat, Ascorbins\u00e4ure; Knoblauch; Starterkulturen; Konservierungsstoffe: Natriumnitrit, Kaliumnitrat.<\/p>\n<p>\u2713 Glutamatfrei<\/p>\n<p>\u2713 Laktosefrei<\/p>\n<p>\u2713 Allergenfrei<\/p>\n<p>\u2713 Glutenfrei<\/p>\n","protected":false},"featured_media":814,"comment_status":"closed","ping_status":"closed","template":"","meta":[],"product_brand":[],"product_cat":[32],"product_tag":[],"class_list":{"0":"post-805","1":"product","2":"type-product","3":"status-publish","4":"has-post-thumbnail","6":"product_cat-salami-wurst","8":"first","9":"instock","10":"taxable","11":"shipping-taxable","12":"purchasable","13":"product-type-variable"},"_links":{"self":[{"href":"https:\/\/plauserspeckladele.it\/index.php?rest_route=\/wp\/v2\/product\/805","targetHints":{"allow":["GET"]}}],"collection":[{"href":"https:\/\/plauserspeckladele.it\/index.php?rest_route=\/wp\/v2\/product"}],"about":[{"href":"https:\/\/plauserspeckladele.it\/index.php?rest_route=\/wp\/v2\/types\/product"}],"replies":[{"embeddable":true,"href":"https:\/\/plauserspeckladele.it\/index.php?rest_route=%2Fwp%2Fv2%2Fcomments&post=805"}],"wp:featuredmedia":[{"embeddable":true,"href":"https:\/\/plauserspeckladele.it\/index.php?rest_route=\/wp\/v2\/media\/814"}],"wp:attachment":[{"href":"https:\/\/plauserspeckladele.it\/index.php?rest_route=%2Fwp%2Fv2%2Fmedia&parent=805"}],"wp:term":[{"taxonomy":"product_brand","embeddable":true,"href":"https:\/\/plauserspeckladele.it\/index.php?rest_route=%2Fwp%2Fv2%2Fproduct_brand&post=805"},{"taxonomy":"product_cat","embeddable":true,"href":"https:\/\/plauserspeckladele.it\/index.php?rest_route=%2Fwp%2Fv2%2Fproduct_cat&post=805"},{"taxonomy":"product_tag","embeddable":true,"href":"https:\/\/plauserspeckladele.it\/index.php?rest_route=%2Fwp%2Fv2%2Fproduct_tag&post=805"}],"curies":[{"name":"wp","href":"https:\/\/api.w.org\/{rel}","templated":true}]}}