{"id":819,"date":"2020-12-08T18:14:49","date_gmt":"2020-12-08T17:14:49","guid":{"rendered":"https:\/\/plauserspeckladele.it\/?post_type=product&#038;p=819"},"modified":"2023-11-14T10:02:14","modified_gmt":"2023-11-14T09:02:14","slug":"kaminwurzen-scharf","status":"publish","type":"product","link":"https:\/\/plauserspeckladele.it\/?product=kaminwurzen-scharf","title":{"rendered":"Kaminwurzen scharf"},"content":{"rendered":"","protected":false},"excerpt":{"rendered":"<p>Die frisch ger\u00e4ucherten, feurigen Kaminwurzen aus Schweinefleisch und Rindfleisch \u00fcberzeugen mit ihrer pikanten Note und bringen Abwechslung und Pfiff in jede Jause.<\/p>\n<p>Zutaten: Schweinefleisch (100 g pro 100 g); Rindfleisch (38 g pro 100 g); R\u00fcckenspeck; P\u00f6kelsalz; Dextrose; Gew\u00fcrze; Antioxidationsmittel: Natriumascorbat, Ascorbins\u00e4ure; Chili; Knoblauch; Raps\u00f6l; Starterkulturen; Konservierungsstoffe: Natriumnitrit, Kaliumnitrat.<\/p>\n<p>\u2713 Glutamatfrei<\/p>\n<p>\u2713 Laktosefrei<\/p>\n<p>\u2713 Allergenfrei<\/p>\n<p>\u2713 Glutenfrei<\/p>\n","protected":false},"featured_media":827,"comment_status":"closed","ping_status":"closed","template":"","meta":[],"product_brand":[],"product_cat":[32],"product_tag":[],"class_list":{"0":"post-819","1":"product","2":"type-product","3":"status-publish","4":"has-post-thumbnail","6":"product_cat-salami-wurst","8":"first","9":"instock","10":"taxable","11":"shipping-taxable","12":"purchasable","13":"product-type-variable"},"_links":{"self":[{"href":"https:\/\/plauserspeckladele.it\/index.php?rest_route=\/wp\/v2\/product\/819","targetHints":{"allow":["GET"]}}],"collection":[{"href":"https:\/\/plauserspeckladele.it\/index.php?rest_route=\/wp\/v2\/product"}],"about":[{"href":"https:\/\/plauserspeckladele.it\/index.php?rest_route=\/wp\/v2\/types\/product"}],"replies":[{"embeddable":true,"href":"https:\/\/plauserspeckladele.it\/index.php?rest_route=%2Fwp%2Fv2%2Fcomments&post=819"}],"wp:featuredmedia":[{"embeddable":true,"href":"https:\/\/plauserspeckladele.it\/index.php?rest_route=\/wp\/v2\/media\/827"}],"wp:attachment":[{"href":"https:\/\/plauserspeckladele.it\/index.php?rest_route=%2Fwp%2Fv2%2Fmedia&parent=819"}],"wp:term":[{"taxonomy":"product_brand","embeddable":true,"href":"https:\/\/plauserspeckladele.it\/index.php?rest_route=%2Fwp%2Fv2%2Fproduct_brand&post=819"},{"taxonomy":"product_cat","embeddable":true,"href":"https:\/\/plauserspeckladele.it\/index.php?rest_route=%2Fwp%2Fv2%2Fproduct_cat&post=819"},{"taxonomy":"product_tag","embeddable":true,"href":"https:\/\/plauserspeckladele.it\/index.php?rest_route=%2Fwp%2Fv2%2Fproduct_tag&post=819"}],"curies":[{"name":"wp","href":"https:\/\/api.w.org\/{rel}","templated":true}]}}