{"id":936,"date":"2020-12-08T19:24:54","date_gmt":"2020-12-08T18:24:54","guid":{"rendered":"https:\/\/plauserspeckladele.it\/?post_type=product&#038;p=936"},"modified":"2022-04-12T12:25:50","modified_gmt":"2022-04-12T10:25:50","slug":"feigensenf-chutney-mostarda-scharf","status":"publish","type":"product","link":"https:\/\/plauserspeckladele.it\/?product=feigensenf-chutney-mostarda-scharf","title":{"rendered":"Feigensenf (Chutney\/Mostarda) scharf"},"content":{"rendered":"","protected":false},"excerpt":{"rendered":"<p><span style=\"line-height: 115%; font-family: 'Bookman Old Style',serif; font-size: 12pt;\"><span style=\"color: #000000;\">Delikat-s\u00fc\u00dfe Feigen, kombiniert mit intensiv-scharfem Senf. Passt perfekt zu mittel und stark gereiftem K\u00e4se aus Kuh-, Ziegen- und Schafsmilch.<\/span><\/span><\/p>\n<p><span style=\"color: #000000;\"><span style=\"line-height: 115%; font-family: 'Bookman Old Style',serif; font-size: 12pt;\">Zutaten: Feigen (55 %), Zucker, Zitronensaft, Senfk\u00f6rner (1 %), Chili, Gew\u00fcrze, Geliermittel (Apfelpektin).<\/span><\/span><\/p>\n","protected":false},"featured_media":946,"comment_status":"closed","ping_status":"closed","template":"","meta":[],"product_brand":[],"product_cat":[37],"product_tag":[],"class_list":{"0":"post-936","1":"product","2":"type-product","3":"status-publish","4":"has-post-thumbnail","6":"product_cat-aufstriche","8":"first","9":"instock","10":"taxable","11":"shipping-taxable","12":"purchasable","13":"product-type-simple"},"_links":{"self":[{"href":"https:\/\/plauserspeckladele.it\/index.php?rest_route=\/wp\/v2\/product\/936","targetHints":{"allow":["GET"]}}],"collection":[{"href":"https:\/\/plauserspeckladele.it\/index.php?rest_route=\/wp\/v2\/product"}],"about":[{"href":"https:\/\/plauserspeckladele.it\/index.php?rest_route=\/wp\/v2\/types\/product"}],"replies":[{"embeddable":true,"href":"https:\/\/plauserspeckladele.it\/index.php?rest_route=%2Fwp%2Fv2%2Fcomments&post=936"}],"wp:featuredmedia":[{"embeddable":true,"href":"https:\/\/plauserspeckladele.it\/index.php?rest_route=\/wp\/v2\/media\/946"}],"wp:attachment":[{"href":"https:\/\/plauserspeckladele.it\/index.php?rest_route=%2Fwp%2Fv2%2Fmedia&parent=936"}],"wp:term":[{"taxonomy":"product_brand","embeddable":true,"href":"https:\/\/plauserspeckladele.it\/index.php?rest_route=%2Fwp%2Fv2%2Fproduct_brand&post=936"},{"taxonomy":"product_cat","embeddable":true,"href":"https:\/\/plauserspeckladele.it\/index.php?rest_route=%2Fwp%2Fv2%2Fproduct_cat&post=936"},{"taxonomy":"product_tag","embeddable":true,"href":"https:\/\/plauserspeckladele.it\/index.php?rest_route=%2Fwp%2Fv2%2Fproduct_tag&post=936"}],"curies":[{"name":"wp","href":"https:\/\/api.w.org\/{rel}","templated":true}]}}

<p><span style="line-height: 115%; font-family: 'Bookman Old Style',serif; font-size: 12pt;"><span style="color: #000000;">Delikat-süße Feigen, kombiniert mit intensiv-scharfem Senf. Passt perfekt zu mittel und stark gereiftem Käse aus Kuh-, Ziegen- und Schafsmilch.</span></span></p>
<p><span style="color: #000000;"><span style="line-height: 115%; font-family: 'Bookman Old Style',serif; font-size: 12pt;">Zutaten: Feigen (55 %), Zucker, Zitronensaft, Senfkörner (1 %), Chili, Gewürze, Geliermittel (Apfelpektin).</span></span></p>
