{"id":959,"date":"2020-12-08T19:35:01","date_gmt":"2020-12-08T18:35:01","guid":{"rendered":"https:\/\/plauserspeckladele.it\/?post_type=product&#038;p=959"},"modified":"2022-04-12T12:27:29","modified_gmt":"2022-04-12T10:27:29","slug":"birne-safran-mostarda","status":"publish","type":"product","link":"https:\/\/plauserspeckladele.it\/?product=birne-safran-mostarda","title":{"rendered":"Birne-Safran-Mostarda"},"content":{"rendered":"","protected":false},"excerpt":{"rendered":"<p><span style=\"line-height: 115%; font-family: 'Bookman Old Style',serif; font-size: 12pt;\"><span style=\"color: #000000;\">Eine fruchtige Kombination aus lieblicher Birne und edlem Safran. Empfehlung: schmeckt herrlich zu Frischk\u00e4se, vor allem zu frischem Pecorino, au\u00dferdem ideal zu K\u00e4sefondue.<\/span><\/span><\/p>\n<p><span style=\"line-height: 115%; font-family: 'Bookman Old Style',serif; font-size: 12pt;\"><span style=\"color: #000000;\">Zutaten: Birne \u201eWilliams Christ\u201c (63 %), Zucker, Orangensaft, rosa Pfeffer, Chili, Safranf\u00e4den (0,01 %), Gew\u00fcrze, Geliermittel (Apfelpektin). Kann Spuren von Senf enthalten.<\/span><\/span><\/p>\n","protected":false},"featured_media":965,"comment_status":"closed","ping_status":"closed","template":"","meta":[],"product_brand":[],"product_cat":[37],"product_tag":[],"class_list":{"0":"post-959","1":"product","2":"type-product","3":"status-publish","4":"has-post-thumbnail","6":"product_cat-aufstriche","8":"first","9":"instock","10":"taxable","11":"shipping-taxable","12":"purchasable","13":"product-type-simple"},"_links":{"self":[{"href":"https:\/\/plauserspeckladele.it\/index.php?rest_route=\/wp\/v2\/product\/959","targetHints":{"allow":["GET"]}}],"collection":[{"href":"https:\/\/plauserspeckladele.it\/index.php?rest_route=\/wp\/v2\/product"}],"about":[{"href":"https:\/\/plauserspeckladele.it\/index.php?rest_route=\/wp\/v2\/types\/product"}],"replies":[{"embeddable":true,"href":"https:\/\/plauserspeckladele.it\/index.php?rest_route=%2Fwp%2Fv2%2Fcomments&post=959"}],"wp:featuredmedia":[{"embeddable":true,"href":"https:\/\/plauserspeckladele.it\/index.php?rest_route=\/wp\/v2\/media\/965"}],"wp:attachment":[{"href":"https:\/\/plauserspeckladele.it\/index.php?rest_route=%2Fwp%2Fv2%2Fmedia&parent=959"}],"wp:term":[{"taxonomy":"product_brand","embeddable":true,"href":"https:\/\/plauserspeckladele.it\/index.php?rest_route=%2Fwp%2Fv2%2Fproduct_brand&post=959"},{"taxonomy":"product_cat","embeddable":true,"href":"https:\/\/plauserspeckladele.it\/index.php?rest_route=%2Fwp%2Fv2%2Fproduct_cat&post=959"},{"taxonomy":"product_tag","embeddable":true,"href":"https:\/\/plauserspeckladele.it\/index.php?rest_route=%2Fwp%2Fv2%2Fproduct_tag&post=959"}],"curies":[{"name":"wp","href":"https:\/\/api.w.org\/{rel}","templated":true}]}}

<p><span style="line-height: 115%; font-family: 'Bookman Old Style',serif; font-size: 12pt;"><span style="color: #000000;">Eine fruchtige Kombination aus lieblicher Birne und edlem Safran. Empfehlung: schmeckt herrlich zu Frischkäse, vor allem zu frischem Pecorino, außerdem ideal zu Käsefondue.</span></span></p>
<p><span style="line-height: 115%; font-family: 'Bookman Old Style',serif; font-size: 12pt;"><span style="color: #000000;">Zutaten: Birne „Williams Christ“ (63 %), Zucker, Orangensaft, rosa Pfeffer, Chili, Safranfäden (0,01 %), Gewürze, Geliermittel (Apfelpektin). Kann Spuren von Senf enthalten.</span></span></p>
